{"id":9,"date":"2015-02-09T15:09:21","date_gmt":"2015-02-09T15:09:21","guid":{"rendered":"http:\/\/cordales.babilon.be\/?page_id=9"},"modified":"2016-03-12T14:25:52","modified_gmt":"2016-03-12T13:25:52","slug":"biographie","status":"publish","type":"page","link":"http:\/\/www.cordales.be\/index.php\/biographie\/","title":{"rendered":"Biographie"},"content":{"rendered":"<div class=\"gmail_default\"><i>Ce qui est s\u00fbr, c\u2019est que la vie n\u2019est ni un long fleuve tranquille, ni une ligne droite\u2026<\/i><\/div>\n<div class=\"gmail_default\"><i>La mienne est parcourue de courbes, de zigzags, d\u2019\u00e9clairs de g\u00e9nie et parfois d\u2019\u00e9clairs de folie.<\/i><\/div>\n<div class=\"gmail_default\"><i>Je suis n\u00e9 pendant la deuxi\u00e8me guerre mondiale en r\u00e9gion li\u00e9geoise, o\u00f9 j\u2019ai pass\u00e9 une enfance heureuse et je m\u2019appliquais, \u00e0 \u00eatre un excellent \u00e9l\u00e8ve\u00a0,pour rendre fier mes parents !<\/i><\/div>\n<div class=\"gmail_default\"><\/div>\n<p><i>Ayant int\u00e9gr\u00e9 l\u2019UCL pour y \u00e9tudier la m\u00e9decine, tout doucement, je commen\u00e7ais \u00e0 d\u00e9couvrir les multiples facettes de la vie que je d\u00e9cidais de prendre\u00a0 \u00e0 pleine main, en \u00e9picurien gourmand des belles choses et des bons esprits.<\/i><\/p>\n<p><i>Je finis par trouver un emploi qui me permit de voyager et de continuer \u00e0 m\u2019amuser, et je dois reconnaitre que durant cette p\u00e9riode je ne fus ni un bon mari, ni un bon p\u00e8re.<\/i><\/p>\n<p><i>Je dois \u00eatre artiste dans l\u2019\u00e2me \u2026 !<\/i><\/p>\n<p><i>Alors, je pris un pinceau,\u00a0 et me lan\u00e7ais tout d\u2019abord dans des reproductions d\u2019oiseaux\u2026ces magnifiques symboles de libert\u00e9.<\/i><\/p>\n<p><i>J\u2019ai d\u00fb suspendre ma peinture en plein vol, ayant fond\u00e9, avec mon \u00e9pouse, un laboratoire qui exigeait de nous un investissement total\u2026. Ce n\u2019est que plus tard que les pinceaux ont retrouv\u00e9 le chemin de mes mains.<\/i><\/p>\n<p><i>Aujourd\u2019hui, n\u2019\u00e9tant plus dans la course du travail, je peux enfin y consacrer mon temps et de mani\u00e8re plus intensive approfondir ma technique.<\/i><\/p>\n<p><i>Mes sujets sembleront peut-\u00eatre particuliers \u00e0 certains, en choqueront d\u2019autres et plairont je l\u2019esp\u00e8re \u00e0 beaucoup.<\/i><\/p>\n","protected":false},"excerpt":{"rendered":"<p>Ce qui est s\u00fbr, c\u2019est que la vie n\u2019est ni un long fleuve tranquille, ni une ligne droite\u2026 La mienne est parcourue de courbes, de zigzags, d\u2019\u00e9clairs de g\u00e9nie et parfois d\u2019\u00e9clairs de folie. Je suis n\u00e9 pendant la deuxi\u00e8me guerre mondiale en r\u00e9gion li\u00e9geoise, o\u00f9 j\u2019ai pass\u00e9 une enfance heureuse et je m\u2019appliquais, \u00e0 &hellip; <a href=\"http:\/\/www.cordales.be\/index.php\/biographie\/\" class=\"more-link\">Continuer la lecture de <span class=\"screen-reader-text\">Biographie<\/span> <span class=\"meta-nav\">&rarr;<\/span><\/a><\/p>\n","protected":false},"author":1,"featured_media":0,"parent":0,"menu_order":0,"comment_status":"closed","ping_status":"open","template":"template-no-sidebar.php","meta":{"ngg_post_thumbnail":0,"footnotes":""},"yoast_head":"<!-- This site is optimized with the Yoast SEO plugin v21.7 - https:\/\/yoast.com\/wordpress\/plugins\/seo\/ -->\n<title>Biographie - Cordal\u00e8s<\/title>\n<meta name=\"robots\" content=\"index, follow, max-snippet:-1, max-image-preview:large, max-video-preview:-1\" \/>\n<link rel=\"canonical\" href=\"http:\/\/www.cordales.be\/index.php\/biographie\/\" \/>\n<meta property=\"og:locale\" content=\"fr_FR\" \/>\n<meta property=\"og:type\" content=\"article\" \/>\n<meta property=\"og:title\" content=\"Biographie - Cordal\u00e8s\" \/>\n<meta property=\"og:description\" content=\"Ce qui est s\u00fbr, c\u2019est que la vie n\u2019est ni un long fleuve tranquille, ni une ligne droite\u2026 La mienne est parcourue de courbes, de zigzags, d\u2019\u00e9clairs de g\u00e9nie et parfois d\u2019\u00e9clairs de folie. Je suis n\u00e9 pendant la deuxi\u00e8me guerre mondiale en r\u00e9gion li\u00e9geoise, o\u00f9 j\u2019ai pass\u00e9 une enfance heureuse et je m\u2019appliquais, \u00e0 &hellip; Continuer la lecture de Biographie &rarr;\" \/>\n<meta property=\"og:url\" content=\"http:\/\/www.cordales.be\/index.php\/biographie\/\" \/>\n<meta property=\"og:site_name\" content=\"Cordal\u00e8s\" \/>\n<meta property=\"article:modified_time\" content=\"2016-03-12T13:25:52+00:00\" \/>\n<meta name=\"twitter:label1\" content=\"Dur\u00e9e de lecture estim\u00e9e\" \/>\n\t<meta name=\"twitter:data1\" content=\"1 minute\" \/>\n<script type=\"application\/ld+json\" class=\"yoast-schema-graph\">{\"@context\":\"https:\/\/schema.org\",\"@graph\":[{\"@type\":\"WebPage\",\"@id\":\"http:\/\/www.cordales.be\/index.php\/biographie\/\",\"url\":\"http:\/\/www.cordales.be\/index.php\/biographie\/\",\"name\":\"Biographie - Cordal\u00e8s\",\"isPartOf\":{\"@id\":\"http:\/\/www.cordales.be\/#website\"},\"datePublished\":\"2015-02-09T15:09:21+00:00\",\"dateModified\":\"2016-03-12T13:25:52+00:00\",\"breadcrumb\":{\"@id\":\"http:\/\/www.cordales.be\/index.php\/biographie\/#breadcrumb\"},\"inLanguage\":\"fr-FR\",\"potentialAction\":[{\"@type\":\"ReadAction\",\"target\":[\"http:\/\/www.cordales.be\/index.php\/biographie\/\"]}]},{\"@type\":\"BreadcrumbList\",\"@id\":\"http:\/\/www.cordales.be\/index.php\/biographie\/#breadcrumb\",\"itemListElement\":[{\"@type\":\"ListItem\",\"position\":1,\"name\":\"Accueil\",\"item\":\"http:\/\/www.cordales.be\/\"},{\"@type\":\"ListItem\",\"position\":2,\"name\":\"Biographie\"}]},{\"@type\":\"WebSite\",\"@id\":\"http:\/\/www.cordales.be\/#website\",\"url\":\"http:\/\/www.cordales.be\/\",\"name\":\"Cordal\u00e8s\",\"description\":\"Artiste peintre\",\"potentialAction\":[{\"@type\":\"SearchAction\",\"target\":{\"@type\":\"EntryPoint\",\"urlTemplate\":\"http:\/\/www.cordales.be\/?s={search_term_string}\"},\"query-input\":\"required name=search_term_string\"}],\"inLanguage\":\"fr-FR\"}]}<\/script>\n<!-- \/ Yoast SEO plugin. -->","yoast_head_json":{"title":"Biographie - Cordal\u00e8s","robots":{"index":"index","follow":"follow","max-snippet":"max-snippet:-1","max-image-preview":"max-image-preview:large","max-video-preview":"max-video-preview:-1"},"canonical":"http:\/\/www.cordales.be\/index.php\/biographie\/","og_locale":"fr_FR","og_type":"article","og_title":"Biographie - Cordal\u00e8s","og_description":"Ce qui est s\u00fbr, c\u2019est que la vie n\u2019est ni un long fleuve tranquille, ni une ligne droite\u2026 La mienne est parcourue de courbes, de zigzags, d\u2019\u00e9clairs de g\u00e9nie et parfois d\u2019\u00e9clairs de folie. Je suis n\u00e9 pendant la deuxi\u00e8me guerre mondiale en r\u00e9gion li\u00e9geoise, o\u00f9 j\u2019ai pass\u00e9 une enfance heureuse et je m\u2019appliquais, \u00e0 &hellip; Continuer la lecture de Biographie &rarr;","og_url":"http:\/\/www.cordales.be\/index.php\/biographie\/","og_site_name":"Cordal\u00e8s","article_modified_time":"2016-03-12T13:25:52+00:00","twitter_misc":{"Dur\u00e9e de lecture estim\u00e9e":"1 minute"},"schema":{"@context":"https:\/\/schema.org","@graph":[{"@type":"WebPage","@id":"http:\/\/www.cordales.be\/index.php\/biographie\/","url":"http:\/\/www.cordales.be\/index.php\/biographie\/","name":"Biographie - Cordal\u00e8s","isPartOf":{"@id":"http:\/\/www.cordales.be\/#website"},"datePublished":"2015-02-09T15:09:21+00:00","dateModified":"2016-03-12T13:25:52+00:00","breadcrumb":{"@id":"http:\/\/www.cordales.be\/index.php\/biographie\/#breadcrumb"},"inLanguage":"fr-FR","potentialAction":[{"@type":"ReadAction","target":["http:\/\/www.cordales.be\/index.php\/biographie\/"]}]},{"@type":"BreadcrumbList","@id":"http:\/\/www.cordales.be\/index.php\/biographie\/#breadcrumb","itemListElement":[{"@type":"ListItem","position":1,"name":"Accueil","item":"http:\/\/www.cordales.be\/"},{"@type":"ListItem","position":2,"name":"Biographie"}]},{"@type":"WebSite","@id":"http:\/\/www.cordales.be\/#website","url":"http:\/\/www.cordales.be\/","name":"Cordal\u00e8s","description":"Artiste peintre","potentialAction":[{"@type":"SearchAction","target":{"@type":"EntryPoint","urlTemplate":"http:\/\/www.cordales.be\/?s={search_term_string}"},"query-input":"required name=search_term_string"}],"inLanguage":"fr-FR"}]}},"_links":{"self":[{"href":"http:\/\/www.cordales.be\/index.php\/wp-json\/wp\/v2\/pages\/9"}],"collection":[{"href":"http:\/\/www.cordales.be\/index.php\/wp-json\/wp\/v2\/pages"}],"about":[{"href":"http:\/\/www.cordales.be\/index.php\/wp-json\/wp\/v2\/types\/page"}],"author":[{"embeddable":true,"href":"http:\/\/www.cordales.be\/index.php\/wp-json\/wp\/v2\/users\/1"}],"replies":[{"embeddable":true,"href":"http:\/\/www.cordales.be\/index.php\/wp-json\/wp\/v2\/comments?post=9"}],"version-history":[{"count":3,"href":"http:\/\/www.cordales.be\/index.php\/wp-json\/wp\/v2\/pages\/9\/revisions"}],"predecessor-version":[{"id":33,"href":"http:\/\/www.cordales.be\/index.php\/wp-json\/wp\/v2\/pages\/9\/revisions\/33"}],"wp:attachment":[{"href":"http:\/\/www.cordales.be\/index.php\/wp-json\/wp\/v2\/media?parent=9"}],"curies":[{"name":"wp","href":"https:\/\/api.w.org\/{rel}","templated":true}]}}

<div class="gmail_default"><i>Ce qui est sûr, c’est que la vie n’est ni un long fleuve tranquille, ni une ligne droite…</i></div>
<div class="gmail_default"><i>La mienne est parcourue de courbes, de zigzags, d’éclairs de génie et parfois d’éclairs de folie.</i></div>
<div class="gmail_default"><i>Je suis né pendant la deuxième guerre mondiale en région liégeoise, où j’ai passé une enfance heureuse et je m’appliquais, à être un excellent élève ,pour rendre fier mes parents !</i></div>
<div class="gmail_default"></div>
<p><i>Ayant intégré l’UCL pour y étudier la médecine, tout doucement, je commençais à découvrir les multiples facettes de la vie que je décidais de prendre  à pleine main, en épicurien gourmand des belles choses et des bons esprits.</i></p>
<p><i>Je finis par trouver un emploi qui me permit de voyager et de continuer à m’amuser, et je dois reconnaitre que durant cette période je ne fus ni un bon mari, ni un bon père.</i></p>
<p><i>Je dois être artiste dans l’âme … !</i></p>
<p><i>Alors, je pris un pinceau,  et me lançais tout d’abord dans des reproductions d’oiseaux…ces magnifiques symboles de liberté.</i></p>
<p><i>J’ai dû suspendre ma peinture en plein vol, ayant fondé, avec mon épouse, un laboratoire qui exigeait de nous un investissement total…. Ce n’est que plus tard que les pinceaux ont retrouvé le chemin de mes mains.</i></p>
<p><i>Aujourd’hui, n’étant plus dans la course du travail, je peux enfin y consacrer mon temps et de manière plus intensive approfondir ma technique.</i></p>
<p><i>Mes sujets sembleront peut-être particuliers à certains, en choqueront d’autres et plairont je l’espère à beaucoup.</i></p>

<p>Ce qui est sûr, c’est que la vie n’est ni un long fleuve tranquille, ni une ligne droite… La mienne est parcourue de courbes, de zigzags, d’éclairs de génie et parfois d’éclairs de folie. Je suis né pendant la deuxième guerre mondiale en région liégeoise, où j’ai passé une enfance heureuse et je m’appliquais, à &hellip; <a href="http://www.cordales.be/index.php/biographie/" class="more-link">Continuer la lecture de <span class="screen-reader-text">Biographie</span> <span class="meta-nav">&rarr;</span></a></p>

<!-- This site is optimized with the Yoast SEO plugin v21.7 - https://yoast.com/wordpress/plugins/seo/ -->
<title>Biographie - Cordalès</title>
<meta name="robots" content="index, follow, max-snippet:-1, max-image-preview:large, max-video-preview:-1" />
<link rel="canonical" href="http://www.cordales.be/index.php/biographie/" />
<meta property="og:locale" content="fr_FR" />
<meta property="og:type" content="article" />
<meta property="og:title" content="Biographie - Cordalès" />
<meta property="og:description" content="Ce qui est sûr, c’est que la vie n’est ni un long fleuve tranquille, ni une ligne droite… La mienne est parcourue de courbes, de zigzags, d’éclairs de génie et parfois d’éclairs de folie. Je suis né pendant la deuxième guerre mondiale en région liégeoise, où j’ai passé une enfance heureuse et je m’appliquais, à &hellip; Continuer la lecture de Biographie &rarr;" />
<meta property="og:url" content="http://www.cordales.be/index.php/biographie/" />
<meta property="og:site_name" content="Cordalès" />
<meta property="article:modified_time" content="2016-03-12T13:25:52+00:00" />
<meta name="twitter:label1" content="Durée de lecture estimée" />
	<meta name="twitter:data1" content="1 minute" />
<script type="application/ld+json" class="yoast-schema-graph">{"@context":"https://schema.org","@graph":[{"@type":"WebPage","@id":"http://www.cordales.be/index.php/biographie/","url":"http://www.cordales.be/index.php/biographie/","name":"Biographie - Cordalès","isPartOf":{"@id":"http://www.cordales.be/#website"},"datePublished":"2015-02-09T15:09:21+00:00","dateModified":"2016-03-12T13:25:52+00:00","breadcrumb":{"@id":"http://www.cordales.be/index.php/biographie/#breadcrumb"},"inLanguage":"fr-FR","potentialAction":[{"@type":"ReadAction","target":["http://www.cordales.be/index.php/biographie/"]}]},{"@type":"BreadcrumbList","@id":"http://www.cordales.be/index.php/biographie/#breadcrumb","itemListElement":[{"@type":"ListItem","position":1,"name":"Accueil","item":"http://www.cordales.be/"},{"@type":"ListItem","position":2,"name":"Biographie"}]},{"@type":"WebSite","@id":"http://www.cordales.be/#website","url":"http://www.cordales.be/","name":"Cordalès","description":"Artiste peintre","potentialAction":[{"@type":"SearchAction","target":{"@type":"EntryPoint","urlTemplate":"http://www.cordales.be/?s={search_term_string}"},"query-input":"required name=search_term_string"}],"inLanguage":"fr-FR"}]}</script>
<!-- / Yoast SEO plugin. -->

Biographie - Cordalès

Ce qui est sûr, c’est que la vie n’est ni un long fleuve tranquille, ni une ligne droite… La mienne est parcourue de courbes, de zigzags, d’éclairs de génie et parfois d’éclairs de folie. Je suis né pendant la deuxième guerre mondiale en région liégeoise, où j’ai passé une enfance heureuse et je m’appliquais, à &hellip; Continuer la lecture de Biographie &rarr;

Cordalès
