{"id":840,"date":"2016-12-17T17:51:39","date_gmt":"2016-12-17T16:51:39","guid":{"rendered":"http:\/\/www.cordales.be\/?page_id=840"},"modified":"2017-07-13T17:34:40","modified_gmt":"2017-07-13T16:34:40","slug":"et-dieu-ou-le-diable-crea-la-femme","status":"publish","type":"page","link":"http:\/\/www.cordales.be\/index.php\/galerie\/et-dieu-ou-le-diable-crea-la-femme\/","title":{"rendered":"Et Dieu ou Diable cr\u00e9a la Femme"},"content":{"rendered":"<figure id=\"attachment_823\" aria-describedby=\"caption-attachment-823\" style=\"width: 300px\" class=\"wp-caption alignnone\"><a title=\"Denim\u2019s Attitude\" href=\"http:\/\/www.cordales.be\/index.php\/galerie\/denims-attitude\/\"><img loading=\"lazy\" decoding=\"async\" class=\"size-medium wp-image-823\" src=\"http:\/\/www.cordales.be\/wp-content\/uploads\/2016\/12\/Denims-attitude-4-300x225.jpg\" alt=\"Denim's Attitude\" width=\"300\" height=\"225\" srcset=\"http:\/\/www.cordales.be\/wp-content\/uploads\/2016\/12\/Denims-attitude-4-300x225.jpg 300w, http:\/\/www.cordales.be\/wp-content\/uploads\/2016\/12\/Denims-attitude-4-1024x768.jpg 1024w\" sizes=\"(max-width: 300px) 100vw, 300px\" \/><\/a><figcaption id=\"caption-attachment-823\" class=\"wp-caption-text\">Denim&rsquo;s Attitude<\/figcaption><\/figure>\n<figure id=\"attachment_824\" aria-describedby=\"caption-attachment-824\" style=\"width: 225px\" class=\"wp-caption alignright\"><a title=\"Just for Fun\" href=\"http:\/\/www.cordales.be\/index.php\/galerie\/just-for-fun\/\"><img loading=\"lazy\" decoding=\"async\" class=\"size-medium wp-image-824\" src=\"http:\/\/www.cordales.be\/wp-content\/uploads\/2016\/12\/Just-for-Fun-2-225x300.jpg\" alt=\"Juste pour le Plaisir\" width=\"225\" height=\"300\" srcset=\"http:\/\/www.cordales.be\/wp-content\/uploads\/2016\/12\/Just-for-Fun-2-225x300.jpg 225w, http:\/\/www.cordales.be\/wp-content\/uploads\/2016\/12\/Just-for-Fun-2-768x1024.jpg 768w\" sizes=\"(max-width: 225px) 100vw, 225px\" \/><\/a><figcaption id=\"caption-attachment-824\" class=\"wp-caption-text\">Just for Fun<\/figcaption><\/figure>\n<p>&nbsp;<\/p>\n<p>&nbsp;<\/p>\n<p>&nbsp;<\/p>\n<p>&nbsp;<\/p>\n<p>&nbsp;<\/p>\n<p>&nbsp;<\/p>\n<p>&nbsp;<\/p>\n<figure id=\"attachment_844\" aria-describedby=\"caption-attachment-844\" style=\"width: 300px\" class=\"wp-caption alignnone\"><a title=\"L\u2019oiseau impertinent\" href=\"http:\/\/www.cordales.be\/index.php\/loiseau-impertinent\/\"><img loading=\"lazy\" decoding=\"async\" class=\"size-medium wp-image-844\" src=\"http:\/\/www.cordales.be\/wp-content\/uploads\/2016\/12\/Loiseau-impertinant-1-300x225.jpg\" alt=\"L'oiseau impertinent \" width=\"300\" height=\"225\" srcset=\"http:\/\/www.cordales.be\/wp-content\/uploads\/2016\/12\/Loiseau-impertinant-1-300x225.jpg 300w, http:\/\/www.cordales.be\/wp-content\/uploads\/2016\/12\/Loiseau-impertinant-1-1024x768.jpg 1024w\" sizes=\"(max-width: 300px) 100vw, 300px\" \/><\/a><figcaption id=\"caption-attachment-844\" class=\"wp-caption-text\">L&rsquo;oiseau impertinent<\/figcaption><\/figure>\n<figure id=\"attachment_807\" aria-describedby=\"caption-attachment-807\" style=\"width: 300px\" class=\"wp-caption alignright\"><a title=\"Ce qui m\u00e8ne le Monde\" href=\"http:\/\/www.cordales.be\/index.php\/galerie\/ce-qui-mene-le-monde\/\"><img loading=\"lazy\" decoding=\"async\" class=\"size-medium wp-image-807\" src=\"http:\/\/www.cordales.be\/wp-content\/uploads\/2016\/12\/Ce-qui-m\u00e8ne-le-Monde-2-300x225.jpg\" alt=\"Ce qui m\u00e8ne le Monde\" width=\"300\" height=\"225\" srcset=\"http:\/\/www.cordales.be\/wp-content\/uploads\/2016\/12\/Ce-qui-m\u00e8ne-le-Monde-2-300x225.jpg 300w, http:\/\/www.cordales.be\/wp-content\/uploads\/2016\/12\/Ce-qui-m\u00e8ne-le-Monde-2-1024x768.jpg 1024w\" sizes=\"(max-width: 300px) 100vw, 300px\" \/><\/a><figcaption id=\"caption-attachment-807\" class=\"wp-caption-text\">Ce qui m\u00e8ne le Monde<\/figcaption><\/figure>\n<figure id=\"attachment_883\" aria-describedby=\"caption-attachment-883\" style=\"width: 300px\" class=\"wp-caption alignnone\"><a title=\"Cath\u00e9drale\" href=\"http:\/\/www.cordales.be\/index.php\/galerie\/cathedrale\/\"><img loading=\"lazy\" decoding=\"async\" class=\"size-medium wp-image-883\" src=\"http:\/\/www.cordales.be\/wp-content\/uploads\/2017\/01\/Cath\u00e9drale-10-300x206.jpg\" alt=\"Cath\u00e9drale et la Chrysalide\" width=\"300\" height=\"206\" srcset=\"http:\/\/www.cordales.be\/wp-content\/uploads\/2017\/01\/Cath\u00e9drale-10-300x206.jpg 300w, http:\/\/www.cordales.be\/wp-content\/uploads\/2017\/01\/Cath\u00e9drale-10-1024x704.jpg 1024w\" sizes=\"(max-width: 300px) 100vw, 300px\" \/><\/a><figcaption id=\"caption-attachment-883\" class=\"wp-caption-text\">Cath\u00e9drale et la Chrysalide<\/figcaption><\/figure>\n<figure id=\"attachment_894\" aria-describedby=\"caption-attachment-894\" style=\"width: 300px\" class=\"wp-caption alignright\"><a title=\"La Ma\u00eetresse d\u2019\u00e9cole\" href=\"http:\/\/www.cordales.be\/index.php\/galerie\/la-maitresse-decole\/\"><img loading=\"lazy\" decoding=\"async\" class=\"size-medium wp-image-894\" src=\"http:\/\/www.cordales.be\/wp-content\/uploads\/2017\/07\/La-Ma\u00eetrese-d\u00e9cole-3-300x245.jpg\" alt=\"La Ma\u00eetresse d'\u00e9cole\" width=\"300\" height=\"245\" srcset=\"http:\/\/www.cordales.be\/wp-content\/uploads\/2017\/07\/La-Ma\u00eetrese-d\u00e9cole-3-300x245.jpg 300w, http:\/\/www.cordales.be\/wp-content\/uploads\/2017\/07\/La-Ma\u00eetrese-d\u00e9cole-3-1024x837.jpg 1024w, http:\/\/www.cordales.be\/wp-content\/uploads\/2017\/07\/La-Ma\u00eetrese-d\u00e9cole-3.jpg 1070w\" sizes=\"(max-width: 300px) 100vw, 300px\" \/><\/a><figcaption id=\"caption-attachment-894\" class=\"wp-caption-text\">La Ma\u00eetresse d&rsquo;\u00e9cole<\/figcaption><\/figure>\n<p>La Ma\u00eetresse d&rsquo;\u00e9cole<\/p>\n<figure id=\"attachment_895\" aria-describedby=\"caption-attachment-895\" style=\"width: 225px\" class=\"wp-caption alignnone\"><a title=\"La Tsarine\" href=\"http:\/\/www.cordales.be\/index.php\/la-tsarine\/\"><img loading=\"lazy\" decoding=\"async\" class=\"size-medium wp-image-895\" src=\"http:\/\/www.cordales.be\/wp-content\/uploads\/2017\/07\/La-Tsarine-6-225x300.jpg\" alt=\"La Tsarine \" width=\"225\" height=\"300\" srcset=\"http:\/\/www.cordales.be\/wp-content\/uploads\/2017\/07\/La-Tsarine-6-225x300.jpg 225w, http:\/\/www.cordales.be\/wp-content\/uploads\/2017\/07\/La-Tsarine-6-768x1024.jpg 768w\" sizes=\"(max-width: 225px) 100vw, 225px\" \/><\/a><figcaption id=\"caption-attachment-895\" class=\"wp-caption-text\">La Tsarine<\/figcaption><\/figure>\n<figure id=\"attachment_911\" aria-describedby=\"caption-attachment-911\" style=\"width: 300px\" class=\"wp-caption alignright\"><a title=\"Heures Bleues\" href=\"http:\/\/www.cordales.be\/index.php\/heures-bleues\/\"><img loading=\"lazy\" decoding=\"async\" class=\"size-medium wp-image-911\" src=\"http:\/\/www.cordales.be\/wp-content\/uploads\/2017\/07\/Heures-Bleues-2-300x225.jpg\" alt=\"Heures Bleues\" width=\"300\" height=\"225\" srcset=\"http:\/\/www.cordales.be\/wp-content\/uploads\/2017\/07\/Heures-Bleues-2-300x225.jpg 300w, http:\/\/www.cordales.be\/wp-content\/uploads\/2017\/07\/Heures-Bleues-2-1024x768.jpg 1024w\" sizes=\"(max-width: 300px) 100vw, 300px\" \/><\/a><figcaption id=\"caption-attachment-911\" class=\"wp-caption-text\">Heures Bleues<\/figcaption><\/figure>\n<p>&nbsp;<\/p>\n<p>&nbsp;<\/p>\n<p>&nbsp;<\/p>\n","protected":false},"excerpt":{"rendered":"<p>&nbsp; &nbsp; &nbsp; &nbsp; &nbsp; &nbsp; &nbsp; La Ma\u00eetresse d&rsquo;\u00e9cole &nbsp; &nbsp; &nbsp;<\/p>\n","protected":false},"author":2,"featured_media":0,"parent":11,"menu_order":0,"comment_status":"closed","ping_status":"open","template":"","meta":{"ngg_post_thumbnail":0,"footnotes":""},"yoast_head":"<!-- This site is optimized with the Yoast SEO plugin v21.7 - https:\/\/yoast.com\/wordpress\/plugins\/seo\/ -->\n<title>Et Dieu ou Diable cr\u00e9a la Femme - Cordal\u00e8s<\/title>\n<meta name=\"robots\" content=\"index, follow, max-snippet:-1, max-image-preview:large, max-video-preview:-1\" \/>\n<link rel=\"canonical\" href=\"http:\/\/www.cordales.be\/index.php\/galerie\/et-dieu-ou-le-diable-crea-la-femme\/\" \/>\n<meta property=\"og:locale\" content=\"fr_FR\" \/>\n<meta property=\"og:type\" content=\"article\" \/>\n<meta property=\"og:title\" content=\"Et Dieu ou Diable cr\u00e9a la Femme - Cordal\u00e8s\" \/>\n<meta property=\"og:description\" content=\"&nbsp; &nbsp; &nbsp; &nbsp; &nbsp; &nbsp; &nbsp; La Ma\u00eetresse d&rsquo;\u00e9cole &nbsp; &nbsp; &nbsp;\" \/>\n<meta property=\"og:url\" content=\"http:\/\/www.cordales.be\/index.php\/galerie\/et-dieu-ou-le-diable-crea-la-femme\/\" \/>\n<meta property=\"og:site_name\" content=\"Cordal\u00e8s\" \/>\n<meta property=\"article:modified_time\" content=\"2017-07-13T16:34:40+00:00\" \/>\n<meta property=\"og:image\" content=\"http:\/\/www.cordales.be\/wp-content\/uploads\/2016\/12\/Denims-attitude-4-300x225.jpg\" \/>\n<script type=\"application\/ld+json\" class=\"yoast-schema-graph\">{\"@context\":\"https:\/\/schema.org\",\"@graph\":[{\"@type\":\"WebPage\",\"@id\":\"http:\/\/www.cordales.be\/index.php\/galerie\/et-dieu-ou-le-diable-crea-la-femme\/\",\"url\":\"http:\/\/www.cordales.be\/index.php\/galerie\/et-dieu-ou-le-diable-crea-la-femme\/\",\"name\":\"Et Dieu ou Diable cr\u00e9a la Femme - Cordal\u00e8s\",\"isPartOf\":{\"@id\":\"http:\/\/www.cordales.be\/#website\"},\"datePublished\":\"2016-12-17T16:51:39+00:00\",\"dateModified\":\"2017-07-13T16:34:40+00:00\",\"breadcrumb\":{\"@id\":\"http:\/\/www.cordales.be\/index.php\/galerie\/et-dieu-ou-le-diable-crea-la-femme\/#breadcrumb\"},\"inLanguage\":\"fr-FR\",\"potentialAction\":[{\"@type\":\"ReadAction\",\"target\":[\"http:\/\/www.cordales.be\/index.php\/galerie\/et-dieu-ou-le-diable-crea-la-femme\/\"]}]},{\"@type\":\"BreadcrumbList\",\"@id\":\"http:\/\/www.cordales.be\/index.php\/galerie\/et-dieu-ou-le-diable-crea-la-femme\/#breadcrumb\",\"itemListElement\":[{\"@type\":\"ListItem\",\"position\":1,\"name\":\"Accueil\",\"item\":\"http:\/\/www.cordales.be\/\"},{\"@type\":\"ListItem\",\"position\":2,\"name\":\"Galerie\",\"item\":\"http:\/\/www.cordales.be\/index.php\/galerie\/\"},{\"@type\":\"ListItem\",\"position\":3,\"name\":\"Et Dieu ou Diable cr\u00e9a la Femme\"}]},{\"@type\":\"WebSite\",\"@id\":\"http:\/\/www.cordales.be\/#website\",\"url\":\"http:\/\/www.cordales.be\/\",\"name\":\"Cordal\u00e8s\",\"description\":\"Artiste peintre\",\"potentialAction\":[{\"@type\":\"SearchAction\",\"target\":{\"@type\":\"EntryPoint\",\"urlTemplate\":\"http:\/\/www.cordales.be\/?s={search_term_string}\"},\"query-input\":\"required name=search_term_string\"}],\"inLanguage\":\"fr-FR\"}]}<\/script>\n<!-- \/ Yoast SEO plugin. -->","yoast_head_json":{"title":"Et Dieu ou Diable cr\u00e9a la Femme - Cordal\u00e8s","robots":{"index":"index","follow":"follow","max-snippet":"max-snippet:-1","max-image-preview":"max-image-preview:large","max-video-preview":"max-video-preview:-1"},"canonical":"http:\/\/www.cordales.be\/index.php\/galerie\/et-dieu-ou-le-diable-crea-la-femme\/","og_locale":"fr_FR","og_type":"article","og_title":"Et Dieu ou Diable cr\u00e9a la Femme - Cordal\u00e8s","og_description":"&nbsp; &nbsp; &nbsp; &nbsp; &nbsp; &nbsp; &nbsp; La Ma\u00eetresse d&rsquo;\u00e9cole &nbsp; &nbsp; &nbsp;","og_url":"http:\/\/www.cordales.be\/index.php\/galerie\/et-dieu-ou-le-diable-crea-la-femme\/","og_site_name":"Cordal\u00e8s","article_modified_time":"2017-07-13T16:34:40+00:00","og_image":[{"url":"http:\/\/www.cordales.be\/wp-content\/uploads\/2016\/12\/Denims-attitude-4-300x225.jpg"}],"schema":{"@context":"https:\/\/schema.org","@graph":[{"@type":"WebPage","@id":"http:\/\/www.cordales.be\/index.php\/galerie\/et-dieu-ou-le-diable-crea-la-femme\/","url":"http:\/\/www.cordales.be\/index.php\/galerie\/et-dieu-ou-le-diable-crea-la-femme\/","name":"Et Dieu ou Diable cr\u00e9a la Femme - Cordal\u00e8s","isPartOf":{"@id":"http:\/\/www.cordales.be\/#website"},"datePublished":"2016-12-17T16:51:39+00:00","dateModified":"2017-07-13T16:34:40+00:00","breadcrumb":{"@id":"http:\/\/www.cordales.be\/index.php\/galerie\/et-dieu-ou-le-diable-crea-la-femme\/#breadcrumb"},"inLanguage":"fr-FR","potentialAction":[{"@type":"ReadAction","target":["http:\/\/www.cordales.be\/index.php\/galerie\/et-dieu-ou-le-diable-crea-la-femme\/"]}]},{"@type":"BreadcrumbList","@id":"http:\/\/www.cordales.be\/index.php\/galerie\/et-dieu-ou-le-diable-crea-la-femme\/#breadcrumb","itemListElement":[{"@type":"ListItem","position":1,"name":"Accueil","item":"http:\/\/www.cordales.be\/"},{"@type":"ListItem","position":2,"name":"Galerie","item":"http:\/\/www.cordales.be\/index.php\/galerie\/"},{"@type":"ListItem","position":3,"name":"Et Dieu ou Diable cr\u00e9a la Femme"}]},{"@type":"WebSite","@id":"http:\/\/www.cordales.be\/#website","url":"http:\/\/www.cordales.be\/","name":"Cordal\u00e8s","description":"Artiste peintre","potentialAction":[{"@type":"SearchAction","target":{"@type":"EntryPoint","urlTemplate":"http:\/\/www.cordales.be\/?s={search_term_string}"},"query-input":"required name=search_term_string"}],"inLanguage":"fr-FR"}]}},"_links":{"self":[{"href":"http:\/\/www.cordales.be\/index.php\/wp-json\/wp\/v2\/pages\/840"}],"collection":[{"href":"http:\/\/www.cordales.be\/index.php\/wp-json\/wp\/v2\/pages"}],"about":[{"href":"http:\/\/www.cordales.be\/index.php\/wp-json\/wp\/v2\/types\/page"}],"author":[{"embeddable":true,"href":"http:\/\/www.cordales.be\/index.php\/wp-json\/wp\/v2\/users\/2"}],"replies":[{"embeddable":true,"href":"http:\/\/www.cordales.be\/index.php\/wp-json\/wp\/v2\/comments?post=840"}],"version-history":[{"count":14,"href":"http:\/\/www.cordales.be\/index.php\/wp-json\/wp\/v2\/pages\/840\/revisions"}],"predecessor-version":[{"id":921,"href":"http:\/\/www.cordales.be\/index.php\/wp-json\/wp\/v2\/pages\/840\/revisions\/921"}],"up":[{"embeddable":true,"href":"http:\/\/www.cordales.be\/index.php\/wp-json\/wp\/v2\/pages\/11"}],"wp:attachment":[{"href":"http:\/\/www.cordales.be\/index.php\/wp-json\/wp\/v2\/media?parent=840"}],"curies":[{"name":"wp","href":"https:\/\/api.w.org\/{rel}","templated":true}]}}