{"id":829,"date":"2016-12-17T17:27:04","date_gmt":"2016-12-17T16:27:04","guid":{"rendered":"http:\/\/www.cordales.be\/?page_id=829"},"modified":"2016-12-17T17:32:11","modified_gmt":"2016-12-17T16:32:11","slug":"denims-attitude","status":"publish","type":"page","link":"http:\/\/www.cordales.be\/index.php\/galerie\/denims-attitude\/","title":{"rendered":"Denim&rsquo;s Attitude"},"content":{"rendered":"<figure id=\"attachment_832\" aria-describedby=\"caption-attachment-832\" style=\"width: 300px\" class=\"wp-caption alignnone\"><a href=\"http:\/\/www.cordales.be\/wp-content\/uploads\/2016\/12\/Denims-attitude-5.jpg\"><img loading=\"lazy\" decoding=\"async\" class=\"size-medium wp-image-832\" src=\"http:\/\/www.cordales.be\/wp-content\/uploads\/2016\/12\/Denims-attitude-5-300x225.jpg\" alt=\"Denim's Attitude\" width=\"300\" height=\"225\" srcset=\"http:\/\/www.cordales.be\/wp-content\/uploads\/2016\/12\/Denims-attitude-5-300x225.jpg 300w, http:\/\/www.cordales.be\/wp-content\/uploads\/2016\/12\/Denims-attitude-5-1024x768.jpg 1024w\" sizes=\"(max-width: 300px) 100vw, 300px\" \/><\/a><figcaption id=\"caption-attachment-832\" class=\"wp-caption-text\">Denim&rsquo;s Attitude<\/figcaption><\/figure>\n<figure id=\"attachment_823\" aria-describedby=\"caption-attachment-823\" style=\"width: 300px\" class=\"wp-caption alignnone\"><a href=\"http:\/\/www.cordales.be\/wp-content\/uploads\/2016\/12\/Denims-attitude-4.jpg\"><img loading=\"lazy\" decoding=\"async\" class=\"size-medium wp-image-823\" src=\"http:\/\/www.cordales.be\/wp-content\/uploads\/2016\/12\/Denims-attitude-4-300x225.jpg\" alt=\"Denim's Attitude\" width=\"300\" height=\"225\" srcset=\"http:\/\/www.cordales.be\/wp-content\/uploads\/2016\/12\/Denims-attitude-4-300x225.jpg 300w, http:\/\/www.cordales.be\/wp-content\/uploads\/2016\/12\/Denims-attitude-4-1024x768.jpg 1024w\" sizes=\"(max-width: 300px) 100vw, 300px\" \/><\/a><figcaption id=\"caption-attachment-823\" class=\"wp-caption-text\">Denim&rsquo;s Attitude<\/figcaption><\/figure>\n<p><em>Le Jeans , dont j&rsquo;ai respect\u00e9 totalement la couleur<\/em><br \/>\n<em>est bien le pr\u00e9texte d\u2019une ode au corps f\u00e9minin<\/em><br \/>\n<em>et \u00e0 sa terrible beaut\u00e9<\/em><\/p>\n<p>Huile sur toile: 40 cm x 80 cm \u00a0prix: 500\u20ac<\/p>\n","protected":false},"excerpt":{"rendered":"<p>Le Jeans , dont j&rsquo;ai respect\u00e9 totalement la couleur est bien le pr\u00e9texte d\u2019une ode au corps f\u00e9minin et \u00e0 sa terrible beaut\u00e9 Huile sur toile: 40 cm x 80 cm \u00a0prix: 500\u20ac<\/p>\n","protected":false},"author":2,"featured_media":0,"parent":11,"menu_order":0,"comment_status":"closed","ping_status":"open","template":"","meta":{"ngg_post_thumbnail":0,"footnotes":""},"yoast_head":"<!-- This site is optimized with the Yoast SEO plugin v21.7 - https:\/\/yoast.com\/wordpress\/plugins\/seo\/ -->\n<title>Denim&#039;s Attitude - Cordal\u00e8s<\/title>\n<meta name=\"robots\" content=\"index, follow, max-snippet:-1, max-image-preview:large, max-video-preview:-1\" \/>\n<link rel=\"canonical\" href=\"http:\/\/www.cordales.be\/index.php\/galerie\/denims-attitude\/\" \/>\n<meta property=\"og:locale\" content=\"fr_FR\" \/>\n<meta property=\"og:type\" content=\"article\" \/>\n<meta property=\"og:title\" content=\"Denim&#039;s Attitude - Cordal\u00e8s\" \/>\n<meta property=\"og:description\" content=\"Le Jeans , dont j&rsquo;ai respect\u00e9 totalement la couleur est bien le pr\u00e9texte d\u2019une ode au corps f\u00e9minin et \u00e0 sa terrible beaut\u00e9 Huile sur toile: 40 cm x 80 cm \u00a0prix: 500\u20ac\" \/>\n<meta property=\"og:url\" content=\"http:\/\/www.cordales.be\/index.php\/galerie\/denims-attitude\/\" \/>\n<meta property=\"og:site_name\" content=\"Cordal\u00e8s\" \/>\n<meta property=\"article:modified_time\" content=\"2016-12-17T16:32:11+00:00\" \/>\n<meta property=\"og:image\" content=\"http:\/\/www.cordales.be\/wp-content\/uploads\/2016\/12\/Denims-attitude-5-300x225.jpg\" \/>\n<script type=\"application\/ld+json\" class=\"yoast-schema-graph\">{\"@context\":\"https:\/\/schema.org\",\"@graph\":[{\"@type\":\"WebPage\",\"@id\":\"http:\/\/www.cordales.be\/index.php\/galerie\/denims-attitude\/\",\"url\":\"http:\/\/www.cordales.be\/index.php\/galerie\/denims-attitude\/\",\"name\":\"Denim's Attitude - Cordal\u00e8s\",\"isPartOf\":{\"@id\":\"http:\/\/www.cordales.be\/#website\"},\"datePublished\":\"2016-12-17T16:27:04+00:00\",\"dateModified\":\"2016-12-17T16:32:11+00:00\",\"breadcrumb\":{\"@id\":\"http:\/\/www.cordales.be\/index.php\/galerie\/denims-attitude\/#breadcrumb\"},\"inLanguage\":\"fr-FR\",\"potentialAction\":[{\"@type\":\"ReadAction\",\"target\":[\"http:\/\/www.cordales.be\/index.php\/galerie\/denims-attitude\/\"]}]},{\"@type\":\"BreadcrumbList\",\"@id\":\"http:\/\/www.cordales.be\/index.php\/galerie\/denims-attitude\/#breadcrumb\",\"itemListElement\":[{\"@type\":\"ListItem\",\"position\":1,\"name\":\"Accueil\",\"item\":\"http:\/\/www.cordales.be\/\"},{\"@type\":\"ListItem\",\"position\":2,\"name\":\"Galerie\",\"item\":\"http:\/\/www.cordales.be\/index.php\/galerie\/\"},{\"@type\":\"ListItem\",\"position\":3,\"name\":\"Denim&rsquo;s Attitude\"}]},{\"@type\":\"WebSite\",\"@id\":\"http:\/\/www.cordales.be\/#website\",\"url\":\"http:\/\/www.cordales.be\/\",\"name\":\"Cordal\u00e8s\",\"description\":\"Artiste peintre\",\"potentialAction\":[{\"@type\":\"SearchAction\",\"target\":{\"@type\":\"EntryPoint\",\"urlTemplate\":\"http:\/\/www.cordales.be\/?s={search_term_string}\"},\"query-input\":\"required name=search_term_string\"}],\"inLanguage\":\"fr-FR\"}]}<\/script>\n<!-- \/ Yoast SEO plugin. -->","yoast_head_json":{"title":"Denim's Attitude - Cordal\u00e8s","robots":{"index":"index","follow":"follow","max-snippet":"max-snippet:-1","max-image-preview":"max-image-preview:large","max-video-preview":"max-video-preview:-1"},"canonical":"http:\/\/www.cordales.be\/index.php\/galerie\/denims-attitude\/","og_locale":"fr_FR","og_type":"article","og_title":"Denim's Attitude - Cordal\u00e8s","og_description":"Le Jeans , dont j&rsquo;ai respect\u00e9 totalement la couleur est bien le pr\u00e9texte d\u2019une ode au corps f\u00e9minin et \u00e0 sa terrible beaut\u00e9 Huile sur toile: 40 cm x 80 cm \u00a0prix: 500\u20ac","og_url":"http:\/\/www.cordales.be\/index.php\/galerie\/denims-attitude\/","og_site_name":"Cordal\u00e8s","article_modified_time":"2016-12-17T16:32:11+00:00","og_image":[{"url":"http:\/\/www.cordales.be\/wp-content\/uploads\/2016\/12\/Denims-attitude-5-300x225.jpg"}],"schema":{"@context":"https:\/\/schema.org","@graph":[{"@type":"WebPage","@id":"http:\/\/www.cordales.be\/index.php\/galerie\/denims-attitude\/","url":"http:\/\/www.cordales.be\/index.php\/galerie\/denims-attitude\/","name":"Denim's Attitude - Cordal\u00e8s","isPartOf":{"@id":"http:\/\/www.cordales.be\/#website"},"datePublished":"2016-12-17T16:27:04+00:00","dateModified":"2016-12-17T16:32:11+00:00","breadcrumb":{"@id":"http:\/\/www.cordales.be\/index.php\/galerie\/denims-attitude\/#breadcrumb"},"inLanguage":"fr-FR","potentialAction":[{"@type":"ReadAction","target":["http:\/\/www.cordales.be\/index.php\/galerie\/denims-attitude\/"]}]},{"@type":"BreadcrumbList","@id":"http:\/\/www.cordales.be\/index.php\/galerie\/denims-attitude\/#breadcrumb","itemListElement":[{"@type":"ListItem","position":1,"name":"Accueil","item":"http:\/\/www.cordales.be\/"},{"@type":"ListItem","position":2,"name":"Galerie","item":"http:\/\/www.cordales.be\/index.php\/galerie\/"},{"@type":"ListItem","position":3,"name":"Denim&rsquo;s Attitude"}]},{"@type":"WebSite","@id":"http:\/\/www.cordales.be\/#website","url":"http:\/\/www.cordales.be\/","name":"Cordal\u00e8s","description":"Artiste peintre","potentialAction":[{"@type":"SearchAction","target":{"@type":"EntryPoint","urlTemplate":"http:\/\/www.cordales.be\/?s={search_term_string}"},"query-input":"required name=search_term_string"}],"inLanguage":"fr-FR"}]}},"_links":{"self":[{"href":"http:\/\/www.cordales.be\/index.php\/wp-json\/wp\/v2\/pages\/829"}],"collection":[{"href":"http:\/\/www.cordales.be\/index.php\/wp-json\/wp\/v2\/pages"}],"about":[{"href":"http:\/\/www.cordales.be\/index.php\/wp-json\/wp\/v2\/types\/page"}],"author":[{"embeddable":true,"href":"http:\/\/www.cordales.be\/index.php\/wp-json\/wp\/v2\/users\/2"}],"replies":[{"embeddable":true,"href":"http:\/\/www.cordales.be\/index.php\/wp-json\/wp\/v2\/comments?post=829"}],"version-history":[{"count":3,"href":"http:\/\/www.cordales.be\/index.php\/wp-json\/wp\/v2\/pages\/829\/revisions"}],"predecessor-version":[{"id":834,"href":"http:\/\/www.cordales.be\/index.php\/wp-json\/wp\/v2\/pages\/829\/revisions\/834"}],"up":[{"embeddable":true,"href":"http:\/\/www.cordales.be\/index.php\/wp-json\/wp\/v2\/pages\/11"}],"wp:attachment":[{"href":"http:\/\/www.cordales.be\/index.php\/wp-json\/wp\/v2\/media?parent=829"}],"curies":[{"name":"wp","href":"https:\/\/api.w.org\/{rel}","templated":true}]}}

<figure id="attachment_832" aria-describedby="caption-attachment-832" style="width: 300px" class="wp-caption alignnone"><a href="http://www.cordales.be/wp-content/uploads/2016/12/Denims-attitude-5.jpg"><img loading="lazy" decoding="async" class="size-medium wp-image-832" src="http://www.cordales.be/wp-content/uploads/2016/12/Denims-attitude-5-300x225.jpg" alt="Denim's Attitude" width="300" height="225" srcset="http://www.cordales.be/wp-content/uploads/2016/12/Denims-attitude-5-300x225.jpg 300w, http://www.cordales.be/wp-content/uploads/2016/12/Denims-attitude-5-1024x768.jpg 1024w" sizes="(max-width: 300px) 100vw, 300px" /></a><figcaption id="caption-attachment-832" class="wp-caption-text">Denim&rsquo;s Attitude</figcaption></figure>
<figure id="attachment_823" aria-describedby="caption-attachment-823" style="width: 300px" class="wp-caption alignnone"><a href="http://www.cordales.be/wp-content/uploads/2016/12/Denims-attitude-4.jpg"><img loading="lazy" decoding="async" class="size-medium wp-image-823" src="http://www.cordales.be/wp-content/uploads/2016/12/Denims-attitude-4-300x225.jpg" alt="Denim's Attitude" width="300" height="225" srcset="http://www.cordales.be/wp-content/uploads/2016/12/Denims-attitude-4-300x225.jpg 300w, http://www.cordales.be/wp-content/uploads/2016/12/Denims-attitude-4-1024x768.jpg 1024w" sizes="(max-width: 300px) 100vw, 300px" /></a><figcaption id="caption-attachment-823" class="wp-caption-text">Denim&rsquo;s Attitude</figcaption></figure>
<p><em>Le Jeans , dont j&rsquo;ai respecté totalement la couleur</em><br />
<em>est bien le prétexte d’une ode au corps féminin</em><br />
<em>et à sa terrible beauté</em></p>
<p>Huile sur toile: 40 cm x 80 cm  prix: 500€</p>

<p>Le Jeans , dont j&rsquo;ai respecté totalement la couleur est bien le prétexte d’une ode au corps féminin et à sa terrible beauté Huile sur toile: 40 cm x 80 cm  prix: 500€</p>

<!-- This site is optimized with the Yoast SEO plugin v21.7 - https://yoast.com/wordpress/plugins/seo/ -->
<title>Denim&#039;s Attitude - Cordalès</title>
<meta name="robots" content="index, follow, max-snippet:-1, max-image-preview:large, max-video-preview:-1" />
<link rel="canonical" href="http://www.cordales.be/index.php/galerie/denims-attitude/" />
<meta property="og:locale" content="fr_FR" />
<meta property="og:type" content="article" />
<meta property="og:title" content="Denim&#039;s Attitude - Cordalès" />
<meta property="og:description" content="Le Jeans , dont j&rsquo;ai respecté totalement la couleur est bien le prétexte d’une ode au corps féminin et à sa terrible beauté Huile sur toile: 40 cm x 80 cm  prix: 500€" />
<meta property="og:url" content="http://www.cordales.be/index.php/galerie/denims-attitude/" />
<meta property="og:site_name" content="Cordalès" />
<meta property="article:modified_time" content="2016-12-17T16:32:11+00:00" />
<meta property="og:image" content="http://www.cordales.be/wp-content/uploads/2016/12/Denims-attitude-5-300x225.jpg" />
<script type="application/ld+json" class="yoast-schema-graph">{"@context":"https://schema.org","@graph":[{"@type":"WebPage","@id":"http://www.cordales.be/index.php/galerie/denims-attitude/","url":"http://www.cordales.be/index.php/galerie/denims-attitude/","name":"Denim's Attitude - Cordalès","isPartOf":{"@id":"http://www.cordales.be/#website"},"datePublished":"2016-12-17T16:27:04+00:00","dateModified":"2016-12-17T16:32:11+00:00","breadcrumb":{"@id":"http://www.cordales.be/index.php/galerie/denims-attitude/#breadcrumb"},"inLanguage":"fr-FR","potentialAction":[{"@type":"ReadAction","target":["http://www.cordales.be/index.php/galerie/denims-attitude/"]}]},{"@type":"BreadcrumbList","@id":"http://www.cordales.be/index.php/galerie/denims-attitude/#breadcrumb","itemListElement":[{"@type":"ListItem","position":1,"name":"Accueil","item":"http://www.cordales.be/"},{"@type":"ListItem","position":2,"name":"Galerie","item":"http://www.cordales.be/index.php/galerie/"},{"@type":"ListItem","position":3,"name":"Denim&rsquo;s Attitude"}]},{"@type":"WebSite","@id":"http://www.cordales.be/#website","url":"http://www.cordales.be/","name":"Cordalès","description":"Artiste peintre","potentialAction":[{"@type":"SearchAction","target":{"@type":"EntryPoint","urlTemplate":"http://www.cordales.be/?s={search_term_string}"},"query-input":"required name=search_term_string"}],"inLanguage":"fr-FR"}]}</script>
<!-- / Yoast SEO plugin. -->

Denim's Attitude - Cordalès

Le Jeans , dont j&rsquo;ai respecté totalement la couleur est bien le prétexte d’une ode au corps féminin et à sa terrible beauté Huile sur toile: 40 cm x 80 cm  prix: 500€

Cordalès
