{"id":826,"date":"2016-12-17T17:22:23","date_gmt":"2016-12-17T16:22:23","guid":{"rendered":"http:\/\/www.cordales.be\/?page_id=826"},"modified":"2016-12-17T20:11:59","modified_gmt":"2016-12-17T19:11:59","slug":"just-for-fun","status":"publish","type":"page","link":"http:\/\/www.cordales.be\/index.php\/galerie\/just-for-fun\/","title":{"rendered":"Just for Fun"},"content":{"rendered":"<figure id=\"attachment_824\" aria-describedby=\"caption-attachment-824\" style=\"width: 225px\" class=\"wp-caption alignnone\"><a href=\"http:\/\/www.cordales.be\/wp-content\/uploads\/2016\/12\/Just-for-Fun-2.jpg\"><img loading=\"lazy\" decoding=\"async\" class=\"size-medium wp-image-824\" src=\"http:\/\/www.cordales.be\/wp-content\/uploads\/2016\/12\/Just-for-Fun-2-225x300.jpg\" alt=\"Juste pour le Plaisir\" width=\"225\" height=\"300\" srcset=\"http:\/\/www.cordales.be\/wp-content\/uploads\/2016\/12\/Just-for-Fun-2-225x300.jpg 225w, http:\/\/www.cordales.be\/wp-content\/uploads\/2016\/12\/Just-for-Fun-2-768x1024.jpg 768w\" sizes=\"(max-width: 225px) 100vw, 225px\" \/><\/a><figcaption id=\"caption-attachment-824\" class=\"wp-caption-text\">Just for Fun<\/figcaption><\/figure>\n<p><em>Une \u00e9tude sans pr\u00e9tention mais \u00e0 observer de pr\u00e8s <\/em><br \/>\n<em>au niveau par exemple de la dentelle de la petite culotte<\/em><\/p>\n<p>Huile sur toile: 60 cm x 50 cm \u00a0Prix: 400\u20ac<\/p>\n","protected":false},"excerpt":{"rendered":"<p>Une \u00e9tude sans pr\u00e9tention mais \u00e0 observer de pr\u00e8s au niveau par exemple de la dentelle de la petite culotte Huile sur toile: 60 cm x 50 cm \u00a0Prix: 400\u20ac<\/p>\n","protected":false},"author":2,"featured_media":0,"parent":11,"menu_order":0,"comment_status":"closed","ping_status":"open","template":"","meta":{"ngg_post_thumbnail":0,"footnotes":""},"yoast_head":"<!-- This site is optimized with the Yoast SEO plugin v21.7 - https:\/\/yoast.com\/wordpress\/plugins\/seo\/ -->\n<title>Just for Fun - Cordal\u00e8s<\/title>\n<meta name=\"robots\" content=\"index, follow, max-snippet:-1, max-image-preview:large, max-video-preview:-1\" \/>\n<link rel=\"canonical\" href=\"http:\/\/www.cordales.be\/index.php\/galerie\/just-for-fun\/\" \/>\n<meta property=\"og:locale\" content=\"fr_FR\" \/>\n<meta property=\"og:type\" content=\"article\" \/>\n<meta property=\"og:title\" content=\"Just for Fun - Cordal\u00e8s\" \/>\n<meta property=\"og:description\" content=\"Une \u00e9tude sans pr\u00e9tention mais \u00e0 observer de pr\u00e8s au niveau par exemple de la dentelle de la petite culotte Huile sur toile: 60 cm x 50 cm \u00a0Prix: 400\u20ac\" \/>\n<meta property=\"og:url\" content=\"http:\/\/www.cordales.be\/index.php\/galerie\/just-for-fun\/\" \/>\n<meta property=\"og:site_name\" content=\"Cordal\u00e8s\" \/>\n<meta property=\"article:modified_time\" content=\"2016-12-17T19:11:59+00:00\" \/>\n<meta property=\"og:image\" content=\"http:\/\/www.cordales.be\/wp-content\/uploads\/2016\/12\/Just-for-Fun-2-225x300.jpg\" \/>\n<script type=\"application\/ld+json\" class=\"yoast-schema-graph\">{\"@context\":\"https:\/\/schema.org\",\"@graph\":[{\"@type\":\"WebPage\",\"@id\":\"http:\/\/www.cordales.be\/index.php\/galerie\/just-for-fun\/\",\"url\":\"http:\/\/www.cordales.be\/index.php\/galerie\/just-for-fun\/\",\"name\":\"Just for Fun - Cordal\u00e8s\",\"isPartOf\":{\"@id\":\"http:\/\/www.cordales.be\/#website\"},\"datePublished\":\"2016-12-17T16:22:23+00:00\",\"dateModified\":\"2016-12-17T19:11:59+00:00\",\"breadcrumb\":{\"@id\":\"http:\/\/www.cordales.be\/index.php\/galerie\/just-for-fun\/#breadcrumb\"},\"inLanguage\":\"fr-FR\",\"potentialAction\":[{\"@type\":\"ReadAction\",\"target\":[\"http:\/\/www.cordales.be\/index.php\/galerie\/just-for-fun\/\"]}]},{\"@type\":\"BreadcrumbList\",\"@id\":\"http:\/\/www.cordales.be\/index.php\/galerie\/just-for-fun\/#breadcrumb\",\"itemListElement\":[{\"@type\":\"ListItem\",\"position\":1,\"name\":\"Accueil\",\"item\":\"http:\/\/www.cordales.be\/\"},{\"@type\":\"ListItem\",\"position\":2,\"name\":\"Galerie\",\"item\":\"http:\/\/www.cordales.be\/index.php\/galerie\/\"},{\"@type\":\"ListItem\",\"position\":3,\"name\":\"Just for Fun\"}]},{\"@type\":\"WebSite\",\"@id\":\"http:\/\/www.cordales.be\/#website\",\"url\":\"http:\/\/www.cordales.be\/\",\"name\":\"Cordal\u00e8s\",\"description\":\"Artiste peintre\",\"potentialAction\":[{\"@type\":\"SearchAction\",\"target\":{\"@type\":\"EntryPoint\",\"urlTemplate\":\"http:\/\/www.cordales.be\/?s={search_term_string}\"},\"query-input\":\"required name=search_term_string\"}],\"inLanguage\":\"fr-FR\"}]}<\/script>\n<!-- \/ Yoast SEO plugin. -->","yoast_head_json":{"title":"Just for Fun - Cordal\u00e8s","robots":{"index":"index","follow":"follow","max-snippet":"max-snippet:-1","max-image-preview":"max-image-preview:large","max-video-preview":"max-video-preview:-1"},"canonical":"http:\/\/www.cordales.be\/index.php\/galerie\/just-for-fun\/","og_locale":"fr_FR","og_type":"article","og_title":"Just for Fun - Cordal\u00e8s","og_description":"Une \u00e9tude sans pr\u00e9tention mais \u00e0 observer de pr\u00e8s au niveau par exemple de la dentelle de la petite culotte Huile sur toile: 60 cm x 50 cm \u00a0Prix: 400\u20ac","og_url":"http:\/\/www.cordales.be\/index.php\/galerie\/just-for-fun\/","og_site_name":"Cordal\u00e8s","article_modified_time":"2016-12-17T19:11:59+00:00","og_image":[{"url":"http:\/\/www.cordales.be\/wp-content\/uploads\/2016\/12\/Just-for-Fun-2-225x300.jpg"}],"schema":{"@context":"https:\/\/schema.org","@graph":[{"@type":"WebPage","@id":"http:\/\/www.cordales.be\/index.php\/galerie\/just-for-fun\/","url":"http:\/\/www.cordales.be\/index.php\/galerie\/just-for-fun\/","name":"Just for Fun - Cordal\u00e8s","isPartOf":{"@id":"http:\/\/www.cordales.be\/#website"},"datePublished":"2016-12-17T16:22:23+00:00","dateModified":"2016-12-17T19:11:59+00:00","breadcrumb":{"@id":"http:\/\/www.cordales.be\/index.php\/galerie\/just-for-fun\/#breadcrumb"},"inLanguage":"fr-FR","potentialAction":[{"@type":"ReadAction","target":["http:\/\/www.cordales.be\/index.php\/galerie\/just-for-fun\/"]}]},{"@type":"BreadcrumbList","@id":"http:\/\/www.cordales.be\/index.php\/galerie\/just-for-fun\/#breadcrumb","itemListElement":[{"@type":"ListItem","position":1,"name":"Accueil","item":"http:\/\/www.cordales.be\/"},{"@type":"ListItem","position":2,"name":"Galerie","item":"http:\/\/www.cordales.be\/index.php\/galerie\/"},{"@type":"ListItem","position":3,"name":"Just for Fun"}]},{"@type":"WebSite","@id":"http:\/\/www.cordales.be\/#website","url":"http:\/\/www.cordales.be\/","name":"Cordal\u00e8s","description":"Artiste peintre","potentialAction":[{"@type":"SearchAction","target":{"@type":"EntryPoint","urlTemplate":"http:\/\/www.cordales.be\/?s={search_term_string}"},"query-input":"required name=search_term_string"}],"inLanguage":"fr-FR"}]}},"_links":{"self":[{"href":"http:\/\/www.cordales.be\/index.php\/wp-json\/wp\/v2\/pages\/826"}],"collection":[{"href":"http:\/\/www.cordales.be\/index.php\/wp-json\/wp\/v2\/pages"}],"about":[{"href":"http:\/\/www.cordales.be\/index.php\/wp-json\/wp\/v2\/types\/page"}],"author":[{"embeddable":true,"href":"http:\/\/www.cordales.be\/index.php\/wp-json\/wp\/v2\/users\/2"}],"replies":[{"embeddable":true,"href":"http:\/\/www.cordales.be\/index.php\/wp-json\/wp\/v2\/comments?post=826"}],"version-history":[{"count":3,"href":"http:\/\/www.cordales.be\/index.php\/wp-json\/wp\/v2\/pages\/826\/revisions"}],"predecessor-version":[{"id":858,"href":"http:\/\/www.cordales.be\/index.php\/wp-json\/wp\/v2\/pages\/826\/revisions\/858"}],"up":[{"embeddable":true,"href":"http:\/\/www.cordales.be\/index.php\/wp-json\/wp\/v2\/pages\/11"}],"wp:attachment":[{"href":"http:\/\/www.cordales.be\/index.php\/wp-json\/wp\/v2\/media?parent=826"}],"curies":[{"name":"wp","href":"https:\/\/api.w.org\/{rel}","templated":true}]}}