{"id":808,"date":"2016-12-17T16:39:49","date_gmt":"2016-12-17T15:39:49","guid":{"rendered":"http:\/\/www.cordales.be\/?page_id=808"},"modified":"2016-12-17T16:52:40","modified_gmt":"2016-12-17T15:52:40","slug":"ce-qui-mene-le-monde","status":"publish","type":"page","link":"http:\/\/www.cordales.be\/index.php\/galerie\/ce-qui-mene-le-monde\/","title":{"rendered":"Ce qui m\u00e8ne le Monde"},"content":{"rendered":"<p><a href=\"http:\/\/www.cordales.be\/wp-content\/uploads\/2016\/12\/Ce-qui-m\u00e8ne-le-Monde-2.jpg\"><img loading=\"lazy\" decoding=\"async\" class=\"alignnone size-medium wp-image-807\" src=\"http:\/\/www.cordales.be\/wp-content\/uploads\/2016\/12\/Ce-qui-m\u00e8ne-le-Monde-2-300x225.jpg\" alt=\"OLYMPUS DIGITAL CAMERA\" width=\"300\" height=\"225\" srcset=\"http:\/\/www.cordales.be\/wp-content\/uploads\/2016\/12\/Ce-qui-m\u00e8ne-le-Monde-2-300x225.jpg 300w, http:\/\/www.cordales.be\/wp-content\/uploads\/2016\/12\/Ce-qui-m\u00e8ne-le-Monde-2-1024x768.jpg 1024w\" sizes=\"(max-width: 300px) 100vw, 300px\" \/><\/a><\/p>\n<p>&nbsp;<\/p>\n<p><em>On ne peut nier ce dicton!<\/em><br \/>\n<em>On peut \u00eatre pour ou contre, <\/em><br \/>\n<em>mais rien ne vaut un petit billet pour nous mener l\u00e0 o\u00f9 on d\u00e9sire !<\/em><\/p>\n<p><em>Pour le dire cr\u00fbment, et \u2026 tant pis si certains en sont choqu\u00e9s\u2026<\/em><br \/>\n<em>Il s\u2019agit bien entendu du cul et des \u00e9cus !<\/em><br \/>\n<em>Redoutable conjonction et ce depuis toujours !<\/em><\/p>\n<p><em>Pour la petite histoire, le billet de 100 euros \u00e9tait un billet r\u00e9el<\/em><br \/>\n<em>Dont le num\u00e9ro de s\u00e9rie figure sur la toile<\/em><\/p>\n<p>Huile sur toile: 60 cm x 50 cm \u00a0Prix: 700\u20ac<\/p>\n","protected":false},"excerpt":{"rendered":"<p>&nbsp; On ne peut nier ce dicton! On peut \u00eatre pour ou contre, mais rien ne vaut un petit billet pour nous mener l\u00e0 o\u00f9 on d\u00e9sire ! Pour le dire cr\u00fbment, et \u2026 tant pis si certains en sont choqu\u00e9s\u2026 Il s\u2019agit bien entendu du cul et des \u00e9cus ! Redoutable conjonction et ce &hellip; <a href=\"http:\/\/www.cordales.be\/index.php\/galerie\/ce-qui-mene-le-monde\/\" class=\"more-link\">Continuer la lecture de <span class=\"screen-reader-text\">Ce qui m\u00e8ne le Monde<\/span> <span class=\"meta-nav\">&rarr;<\/span><\/a><\/p>\n","protected":false},"author":2,"featured_media":0,"parent":11,"menu_order":0,"comment_status":"closed","ping_status":"open","template":"","meta":{"ngg_post_thumbnail":0,"footnotes":""},"yoast_head":"<!-- This site is optimized with the Yoast SEO plugin v21.7 - https:\/\/yoast.com\/wordpress\/plugins\/seo\/ -->\n<title>Ce qui m\u00e8ne le Monde - Cordal\u00e8s<\/title>\n<meta name=\"robots\" content=\"index, follow, max-snippet:-1, max-image-preview:large, max-video-preview:-1\" \/>\n<link rel=\"canonical\" href=\"http:\/\/www.cordales.be\/index.php\/galerie\/ce-qui-mene-le-monde\/\" \/>\n<meta property=\"og:locale\" content=\"fr_FR\" \/>\n<meta property=\"og:type\" content=\"article\" \/>\n<meta property=\"og:title\" content=\"Ce qui m\u00e8ne le Monde - Cordal\u00e8s\" \/>\n<meta property=\"og:description\" content=\"&nbsp; On ne peut nier ce dicton! On peut \u00eatre pour ou contre, mais rien ne vaut un petit billet pour nous mener l\u00e0 o\u00f9 on d\u00e9sire ! Pour le dire cr\u00fbment, et \u2026 tant pis si certains en sont choqu\u00e9s\u2026 Il s\u2019agit bien entendu du cul et des \u00e9cus ! Redoutable conjonction et ce &hellip; Continuer la lecture de Ce qui m\u00e8ne le Monde &rarr;\" \/>\n<meta property=\"og:url\" content=\"http:\/\/www.cordales.be\/index.php\/galerie\/ce-qui-mene-le-monde\/\" \/>\n<meta property=\"og:site_name\" content=\"Cordal\u00e8s\" \/>\n<meta property=\"article:modified_time\" content=\"2016-12-17T15:52:40+00:00\" \/>\n<script type=\"application\/ld+json\" class=\"yoast-schema-graph\">{\"@context\":\"https:\/\/schema.org\",\"@graph\":[{\"@type\":\"WebPage\",\"@id\":\"http:\/\/www.cordales.be\/index.php\/galerie\/ce-qui-mene-le-monde\/\",\"url\":\"http:\/\/www.cordales.be\/index.php\/galerie\/ce-qui-mene-le-monde\/\",\"name\":\"Ce qui m\u00e8ne le Monde - Cordal\u00e8s\",\"isPartOf\":{\"@id\":\"http:\/\/www.cordales.be\/#website\"},\"datePublished\":\"2016-12-17T15:39:49+00:00\",\"dateModified\":\"2016-12-17T15:52:40+00:00\",\"breadcrumb\":{\"@id\":\"http:\/\/www.cordales.be\/index.php\/galerie\/ce-qui-mene-le-monde\/#breadcrumb\"},\"inLanguage\":\"fr-FR\",\"potentialAction\":[{\"@type\":\"ReadAction\",\"target\":[\"http:\/\/www.cordales.be\/index.php\/galerie\/ce-qui-mene-le-monde\/\"]}]},{\"@type\":\"BreadcrumbList\",\"@id\":\"http:\/\/www.cordales.be\/index.php\/galerie\/ce-qui-mene-le-monde\/#breadcrumb\",\"itemListElement\":[{\"@type\":\"ListItem\",\"position\":1,\"name\":\"Accueil\",\"item\":\"http:\/\/www.cordales.be\/\"},{\"@type\":\"ListItem\",\"position\":2,\"name\":\"Galerie\",\"item\":\"http:\/\/www.cordales.be\/index.php\/galerie\/\"},{\"@type\":\"ListItem\",\"position\":3,\"name\":\"Ce qui m\u00e8ne le Monde\"}]},{\"@type\":\"WebSite\",\"@id\":\"http:\/\/www.cordales.be\/#website\",\"url\":\"http:\/\/www.cordales.be\/\",\"name\":\"Cordal\u00e8s\",\"description\":\"Artiste peintre\",\"potentialAction\":[{\"@type\":\"SearchAction\",\"target\":{\"@type\":\"EntryPoint\",\"urlTemplate\":\"http:\/\/www.cordales.be\/?s={search_term_string}\"},\"query-input\":\"required name=search_term_string\"}],\"inLanguage\":\"fr-FR\"}]}<\/script>\n<!-- \/ Yoast SEO plugin. -->","yoast_head_json":{"title":"Ce qui m\u00e8ne le Monde - Cordal\u00e8s","robots":{"index":"index","follow":"follow","max-snippet":"max-snippet:-1","max-image-preview":"max-image-preview:large","max-video-preview":"max-video-preview:-1"},"canonical":"http:\/\/www.cordales.be\/index.php\/galerie\/ce-qui-mene-le-monde\/","og_locale":"fr_FR","og_type":"article","og_title":"Ce qui m\u00e8ne le Monde - Cordal\u00e8s","og_description":"&nbsp; On ne peut nier ce dicton! On peut \u00eatre pour ou contre, mais rien ne vaut un petit billet pour nous mener l\u00e0 o\u00f9 on d\u00e9sire ! Pour le dire cr\u00fbment, et \u2026 tant pis si certains en sont choqu\u00e9s\u2026 Il s\u2019agit bien entendu du cul et des \u00e9cus ! Redoutable conjonction et ce &hellip; Continuer la lecture de Ce qui m\u00e8ne le Monde &rarr;","og_url":"http:\/\/www.cordales.be\/index.php\/galerie\/ce-qui-mene-le-monde\/","og_site_name":"Cordal\u00e8s","article_modified_time":"2016-12-17T15:52:40+00:00","schema":{"@context":"https:\/\/schema.org","@graph":[{"@type":"WebPage","@id":"http:\/\/www.cordales.be\/index.php\/galerie\/ce-qui-mene-le-monde\/","url":"http:\/\/www.cordales.be\/index.php\/galerie\/ce-qui-mene-le-monde\/","name":"Ce qui m\u00e8ne le Monde - Cordal\u00e8s","isPartOf":{"@id":"http:\/\/www.cordales.be\/#website"},"datePublished":"2016-12-17T15:39:49+00:00","dateModified":"2016-12-17T15:52:40+00:00","breadcrumb":{"@id":"http:\/\/www.cordales.be\/index.php\/galerie\/ce-qui-mene-le-monde\/#breadcrumb"},"inLanguage":"fr-FR","potentialAction":[{"@type":"ReadAction","target":["http:\/\/www.cordales.be\/index.php\/galerie\/ce-qui-mene-le-monde\/"]}]},{"@type":"BreadcrumbList","@id":"http:\/\/www.cordales.be\/index.php\/galerie\/ce-qui-mene-le-monde\/#breadcrumb","itemListElement":[{"@type":"ListItem","position":1,"name":"Accueil","item":"http:\/\/www.cordales.be\/"},{"@type":"ListItem","position":2,"name":"Galerie","item":"http:\/\/www.cordales.be\/index.php\/galerie\/"},{"@type":"ListItem","position":3,"name":"Ce qui m\u00e8ne le Monde"}]},{"@type":"WebSite","@id":"http:\/\/www.cordales.be\/#website","url":"http:\/\/www.cordales.be\/","name":"Cordal\u00e8s","description":"Artiste peintre","potentialAction":[{"@type":"SearchAction","target":{"@type":"EntryPoint","urlTemplate":"http:\/\/www.cordales.be\/?s={search_term_string}"},"query-input":"required name=search_term_string"}],"inLanguage":"fr-FR"}]}},"_links":{"self":[{"href":"http:\/\/www.cordales.be\/index.php\/wp-json\/wp\/v2\/pages\/808"}],"collection":[{"href":"http:\/\/www.cordales.be\/index.php\/wp-json\/wp\/v2\/pages"}],"about":[{"href":"http:\/\/www.cordales.be\/index.php\/wp-json\/wp\/v2\/types\/page"}],"author":[{"embeddable":true,"href":"http:\/\/www.cordales.be\/index.php\/wp-json\/wp\/v2\/users\/2"}],"replies":[{"embeddable":true,"href":"http:\/\/www.cordales.be\/index.php\/wp-json\/wp\/v2\/comments?post=808"}],"version-history":[{"count":4,"href":"http:\/\/www.cordales.be\/index.php\/wp-json\/wp\/v2\/pages\/808\/revisions"}],"predecessor-version":[{"id":814,"href":"http:\/\/www.cordales.be\/index.php\/wp-json\/wp\/v2\/pages\/808\/revisions\/814"}],"up":[{"embeddable":true,"href":"http:\/\/www.cordales.be\/index.php\/wp-json\/wp\/v2\/pages\/11"}],"wp:attachment":[{"href":"http:\/\/www.cordales.be\/index.php\/wp-json\/wp\/v2\/media?parent=808"}],"curies":[{"name":"wp","href":"https:\/\/api.w.org\/{rel}","templated":true}]}}

Ce qui mène le Monde

<p><a href="http://www.cordales.be/wp-content/uploads/2016/12/Ce-qui-mène-le-Monde-2.jpg"><img loading="lazy" decoding="async" class="alignnone size-medium wp-image-807" src="http://www.cordales.be/wp-content/uploads/2016/12/Ce-qui-mène-le-Monde-2-300x225.jpg" alt="OLYMPUS DIGITAL CAMERA" width="300" height="225" srcset="http://www.cordales.be/wp-content/uploads/2016/12/Ce-qui-mène-le-Monde-2-300x225.jpg 300w, http://www.cordales.be/wp-content/uploads/2016/12/Ce-qui-mène-le-Monde-2-1024x768.jpg 1024w" sizes="(max-width: 300px) 100vw, 300px" /></a></p>
<p>&nbsp;</p>
<p><em>On ne peut nier ce dicton!</em><br />
<em>On peut être pour ou contre, </em><br />
<em>mais rien ne vaut un petit billet pour nous mener là où on désire !</em></p>
<p><em>Pour le dire crûment, et … tant pis si certains en sont choqués…</em><br />
<em>Il s’agit bien entendu du cul et des écus !</em><br />
<em>Redoutable conjonction et ce depuis toujours !</em></p>
<p><em>Pour la petite histoire, le billet de 100 euros était un billet réel</em><br />
<em>Dont le numéro de série figure sur la toile</em></p>
<p>Huile sur toile: 60 cm x 50 cm  Prix: 700€</p>

<p>&nbsp; On ne peut nier ce dicton! On peut être pour ou contre, mais rien ne vaut un petit billet pour nous mener là où on désire ! Pour le dire crûment, et … tant pis si certains en sont choqués… Il s’agit bien entendu du cul et des écus ! Redoutable conjonction et ce &hellip; <a href="http://www.cordales.be/index.php/galerie/ce-qui-mene-le-monde/" class="more-link">Continuer la lecture de <span class="screen-reader-text">Ce qui mène le Monde</span> <span class="meta-nav">&rarr;</span></a></p>

<!-- This site is optimized with the Yoast SEO plugin v21.7 - https://yoast.com/wordpress/plugins/seo/ -->
<title>Ce qui mène le Monde - Cordalès</title>
<meta name="robots" content="index, follow, max-snippet:-1, max-image-preview:large, max-video-preview:-1" />
<link rel="canonical" href="http://www.cordales.be/index.php/galerie/ce-qui-mene-le-monde/" />
<meta property="og:locale" content="fr_FR" />
<meta property="og:type" content="article" />
<meta property="og:title" content="Ce qui mène le Monde - Cordalès" />
<meta property="og:description" content="&nbsp; On ne peut nier ce dicton! On peut être pour ou contre, mais rien ne vaut un petit billet pour nous mener là où on désire ! Pour le dire crûment, et … tant pis si certains en sont choqués… Il s’agit bien entendu du cul et des écus ! Redoutable conjonction et ce &hellip; Continuer la lecture de Ce qui mène le Monde &rarr;" />
<meta property="og:url" content="http://www.cordales.be/index.php/galerie/ce-qui-mene-le-monde/" />
<meta property="og:site_name" content="Cordalès" />
<meta property="article:modified_time" content="2016-12-17T15:52:40+00:00" />
<script type="application/ld+json" class="yoast-schema-graph">{"@context":"https://schema.org","@graph":[{"@type":"WebPage","@id":"http://www.cordales.be/index.php/galerie/ce-qui-mene-le-monde/","url":"http://www.cordales.be/index.php/galerie/ce-qui-mene-le-monde/","name":"Ce qui mène le Monde - Cordalès","isPartOf":{"@id":"http://www.cordales.be/#website"},"datePublished":"2016-12-17T15:39:49+00:00","dateModified":"2016-12-17T15:52:40+00:00","breadcrumb":{"@id":"http://www.cordales.be/index.php/galerie/ce-qui-mene-le-monde/#breadcrumb"},"inLanguage":"fr-FR","potentialAction":[{"@type":"ReadAction","target":["http://www.cordales.be/index.php/galerie/ce-qui-mene-le-monde/"]}]},{"@type":"BreadcrumbList","@id":"http://www.cordales.be/index.php/galerie/ce-qui-mene-le-monde/#breadcrumb","itemListElement":[{"@type":"ListItem","position":1,"name":"Accueil","item":"http://www.cordales.be/"},{"@type":"ListItem","position":2,"name":"Galerie","item":"http://www.cordales.be/index.php/galerie/"},{"@type":"ListItem","position":3,"name":"Ce qui mène le Monde"}]},{"@type":"WebSite","@id":"http://www.cordales.be/#website","url":"http://www.cordales.be/","name":"Cordalès","description":"Artiste peintre","potentialAction":[{"@type":"SearchAction","target":{"@type":"EntryPoint","urlTemplate":"http://www.cordales.be/?s={search_term_string}"},"query-input":"required name=search_term_string"}],"inLanguage":"fr-FR"}]}</script>
<!-- / Yoast SEO plugin. -->

Ce qui mène le Monde - Cordalès

&nbsp; On ne peut nier ce dicton! On peut être pour ou contre, mais rien ne vaut un petit billet pour nous mener là où on désire ! Pour le dire crûment, et … tant pis si certains en sont choqués… Il s’agit bien entendu du cul et des écus ! Redoutable conjonction et ce &hellip; Continuer la lecture de Ce qui mène le Monde &rarr;

Cordalès
