{"id":230,"date":"2015-02-11T20:00:54","date_gmt":"2015-02-11T19:00:54","guid":{"rendered":"http:\/\/www.cordales.be\/?page_id=230"},"modified":"2017-01-11T10:27:44","modified_gmt":"2017-01-11T09:27:44","slug":"transfixation","status":"publish","type":"page","link":"http:\/\/www.cordales.be\/index.php\/galerie\/transfixation\/","title":{"rendered":"Transfixation &#8230;Tortures m\u00e9talliques"},"content":{"rendered":"<p><a href=\"http:\/\/www.cordales.be\/wp-content\/uploads\/2015\/02\/00-00-00_0037.jpg\"><img loading=\"lazy\" decoding=\"async\" class=\"alignnone size-full wp-image-182\" src=\"http:\/\/www.cordales.be\/wp-content\/uploads\/2015\/02\/00-00-00_0037.jpg\" alt=\"Transfixation\" width=\"708\" height=\"600\" srcset=\"http:\/\/www.cordales.be\/wp-content\/uploads\/2015\/02\/00-00-00_0037.jpg 708w, http:\/\/www.cordales.be\/wp-content\/uploads\/2015\/02\/00-00-00_0037-300x254.jpg 300w\" sizes=\"(max-width: 708px) 100vw, 708px\" \/><\/a><\/p>\n<p><em>R\u00eave ou Cauchemar\u00a0?<\/em><\/p>\n<p><em>En tout cas transgression et recherche fr\u00e9n\u00e9tique\u00a0 du plaisir \u00e0 la limite de la souffrance absolue.<\/em><\/p>\n<p><em>Ce tableau nous renvoie, quelque part, \u00e0 notre triste condition humaine m\u00ealant le meilleur et le pire.<\/em><\/p>\n<p>&nbsp;<\/p>\n<p>Huile sur toile 50 x 60 cm<br \/>\nPrix : 800\u00a0\u20ac<\/p>\n","protected":false},"excerpt":{"rendered":"<p>R\u00eave ou Cauchemar\u00a0? En tout cas transgression et recherche fr\u00e9n\u00e9tique\u00a0 du plaisir \u00e0 la limite de la souffrance absolue. Ce tableau nous renvoie, quelque part, \u00e0 notre triste condition humaine m\u00ealant le meilleur et le pire. &nbsp; Huile sur toile 50 x 60 cm Prix : 800\u00a0\u20ac<\/p>\n","protected":false},"author":1,"featured_media":0,"parent":11,"menu_order":0,"comment_status":"closed","ping_status":"open","template":"","meta":{"ngg_post_thumbnail":0,"footnotes":""},"yoast_head":"<!-- This site is optimized with the Yoast SEO plugin v21.7 - https:\/\/yoast.com\/wordpress\/plugins\/seo\/ -->\n<title>Transfixation ...Tortures m\u00e9talliques - Cordal\u00e8s<\/title>\n<meta name=\"robots\" content=\"index, follow, max-snippet:-1, max-image-preview:large, max-video-preview:-1\" \/>\n<link rel=\"canonical\" href=\"http:\/\/www.cordales.be\/index.php\/galerie\/transfixation\/\" \/>\n<meta property=\"og:locale\" content=\"fr_FR\" \/>\n<meta property=\"og:type\" content=\"article\" \/>\n<meta property=\"og:title\" content=\"Transfixation ...Tortures m\u00e9talliques - Cordal\u00e8s\" \/>\n<meta property=\"og:description\" content=\"R\u00eave ou Cauchemar\u00a0? En tout cas transgression et recherche fr\u00e9n\u00e9tique\u00a0 du plaisir \u00e0 la limite de la souffrance absolue. Ce tableau nous renvoie, quelque part, \u00e0 notre triste condition humaine m\u00ealant le meilleur et le pire. &nbsp; Huile sur toile 50 x 60 cm Prix : 800\u00a0\u20ac\" \/>\n<meta property=\"og:url\" content=\"http:\/\/www.cordales.be\/index.php\/galerie\/transfixation\/\" \/>\n<meta property=\"og:site_name\" content=\"Cordal\u00e8s\" \/>\n<meta property=\"article:modified_time\" content=\"2017-01-11T09:27:44+00:00\" \/>\n<meta property=\"og:image\" content=\"http:\/\/www.cordales.be\/wp-content\/uploads\/2015\/02\/00-00-00_0037.jpg\" \/>\n<script type=\"application\/ld+json\" class=\"yoast-schema-graph\">{\"@context\":\"https:\/\/schema.org\",\"@graph\":[{\"@type\":\"WebPage\",\"@id\":\"http:\/\/www.cordales.be\/index.php\/galerie\/transfixation\/\",\"url\":\"http:\/\/www.cordales.be\/index.php\/galerie\/transfixation\/\",\"name\":\"Transfixation ...Tortures m\u00e9talliques - Cordal\u00e8s\",\"isPartOf\":{\"@id\":\"http:\/\/www.cordales.be\/#website\"},\"datePublished\":\"2015-02-11T19:00:54+00:00\",\"dateModified\":\"2017-01-11T09:27:44+00:00\",\"breadcrumb\":{\"@id\":\"http:\/\/www.cordales.be\/index.php\/galerie\/transfixation\/#breadcrumb\"},\"inLanguage\":\"fr-FR\",\"potentialAction\":[{\"@type\":\"ReadAction\",\"target\":[\"http:\/\/www.cordales.be\/index.php\/galerie\/transfixation\/\"]}]},{\"@type\":\"BreadcrumbList\",\"@id\":\"http:\/\/www.cordales.be\/index.php\/galerie\/transfixation\/#breadcrumb\",\"itemListElement\":[{\"@type\":\"ListItem\",\"position\":1,\"name\":\"Accueil\",\"item\":\"http:\/\/www.cordales.be\/\"},{\"@type\":\"ListItem\",\"position\":2,\"name\":\"Galerie\",\"item\":\"http:\/\/www.cordales.be\/index.php\/galerie\/\"},{\"@type\":\"ListItem\",\"position\":3,\"name\":\"Transfixation &#8230;Tortures m\u00e9talliques\"}]},{\"@type\":\"WebSite\",\"@id\":\"http:\/\/www.cordales.be\/#website\",\"url\":\"http:\/\/www.cordales.be\/\",\"name\":\"Cordal\u00e8s\",\"description\":\"Artiste peintre\",\"potentialAction\":[{\"@type\":\"SearchAction\",\"target\":{\"@type\":\"EntryPoint\",\"urlTemplate\":\"http:\/\/www.cordales.be\/?s={search_term_string}\"},\"query-input\":\"required name=search_term_string\"}],\"inLanguage\":\"fr-FR\"}]}<\/script>\n<!-- \/ Yoast SEO plugin. -->","yoast_head_json":{"title":"Transfixation ...Tortures m\u00e9talliques - Cordal\u00e8s","robots":{"index":"index","follow":"follow","max-snippet":"max-snippet:-1","max-image-preview":"max-image-preview:large","max-video-preview":"max-video-preview:-1"},"canonical":"http:\/\/www.cordales.be\/index.php\/galerie\/transfixation\/","og_locale":"fr_FR","og_type":"article","og_title":"Transfixation ...Tortures m\u00e9talliques - Cordal\u00e8s","og_description":"R\u00eave ou Cauchemar\u00a0? En tout cas transgression et recherche fr\u00e9n\u00e9tique\u00a0 du plaisir \u00e0 la limite de la souffrance absolue. Ce tableau nous renvoie, quelque part, \u00e0 notre triste condition humaine m\u00ealant le meilleur et le pire. &nbsp; Huile sur toile 50 x 60 cm Prix : 800\u00a0\u20ac","og_url":"http:\/\/www.cordales.be\/index.php\/galerie\/transfixation\/","og_site_name":"Cordal\u00e8s","article_modified_time":"2017-01-11T09:27:44+00:00","og_image":[{"url":"http:\/\/www.cordales.be\/wp-content\/uploads\/2015\/02\/00-00-00_0037.jpg"}],"schema":{"@context":"https:\/\/schema.org","@graph":[{"@type":"WebPage","@id":"http:\/\/www.cordales.be\/index.php\/galerie\/transfixation\/","url":"http:\/\/www.cordales.be\/index.php\/galerie\/transfixation\/","name":"Transfixation ...Tortures m\u00e9talliques - Cordal\u00e8s","isPartOf":{"@id":"http:\/\/www.cordales.be\/#website"},"datePublished":"2015-02-11T19:00:54+00:00","dateModified":"2017-01-11T09:27:44+00:00","breadcrumb":{"@id":"http:\/\/www.cordales.be\/index.php\/galerie\/transfixation\/#breadcrumb"},"inLanguage":"fr-FR","potentialAction":[{"@type":"ReadAction","target":["http:\/\/www.cordales.be\/index.php\/galerie\/transfixation\/"]}]},{"@type":"BreadcrumbList","@id":"http:\/\/www.cordales.be\/index.php\/galerie\/transfixation\/#breadcrumb","itemListElement":[{"@type":"ListItem","position":1,"name":"Accueil","item":"http:\/\/www.cordales.be\/"},{"@type":"ListItem","position":2,"name":"Galerie","item":"http:\/\/www.cordales.be\/index.php\/galerie\/"},{"@type":"ListItem","position":3,"name":"Transfixation &#8230;Tortures m\u00e9talliques"}]},{"@type":"WebSite","@id":"http:\/\/www.cordales.be\/#website","url":"http:\/\/www.cordales.be\/","name":"Cordal\u00e8s","description":"Artiste peintre","potentialAction":[{"@type":"SearchAction","target":{"@type":"EntryPoint","urlTemplate":"http:\/\/www.cordales.be\/?s={search_term_string}"},"query-input":"required name=search_term_string"}],"inLanguage":"fr-FR"}]}},"_links":{"self":[{"href":"http:\/\/www.cordales.be\/index.php\/wp-json\/wp\/v2\/pages\/230"}],"collection":[{"href":"http:\/\/www.cordales.be\/index.php\/wp-json\/wp\/v2\/pages"}],"about":[{"href":"http:\/\/www.cordales.be\/index.php\/wp-json\/wp\/v2\/types\/page"}],"author":[{"embeddable":true,"href":"http:\/\/www.cordales.be\/index.php\/wp-json\/wp\/v2\/users\/1"}],"replies":[{"embeddable":true,"href":"http:\/\/www.cordales.be\/index.php\/wp-json\/wp\/v2\/comments?post=230"}],"version-history":[{"count":8,"href":"http:\/\/www.cordales.be\/index.php\/wp-json\/wp\/v2\/pages\/230\/revisions"}],"predecessor-version":[{"id":881,"href":"http:\/\/www.cordales.be\/index.php\/wp-json\/wp\/v2\/pages\/230\/revisions\/881"}],"up":[{"embeddable":true,"href":"http:\/\/www.cordales.be\/index.php\/wp-json\/wp\/v2\/pages\/11"}],"wp:attachment":[{"href":"http:\/\/www.cordales.be\/index.php\/wp-json\/wp\/v2\/media?parent=230"}],"curies":[{"name":"wp","href":"https:\/\/api.w.org\/{rel}","templated":true}]}}