{"id":17,"date":"2015-02-09T15:10:57","date_gmt":"2015-02-09T15:10:57","guid":{"rendered":"http:\/\/cordales.babilon.be\/?page_id=17"},"modified":"2016-12-17T16:06:13","modified_gmt":"2016-12-17T15:06:13","slug":"la-comedie-humaine","status":"publish","type":"page","link":"http:\/\/www.cordales.be\/index.php\/galerie\/la-comedie-humaine\/","title":{"rendered":"La com\u00e9die Humaine"},"content":{"rendered":"<figure id=\"attachment_31\" aria-describedby=\"caption-attachment-31\" style=\"width: 300px\" class=\"wp-caption alignnone\"><a href=\"http:\/\/www.cordales.be\/wp-content\/uploads\/2015\/02\/La-com\u00e9die-Humaine1.jpg\"><img loading=\"lazy\" decoding=\"async\" class=\"size-medium wp-image-31\" src=\"http:\/\/www.cordales.be\/wp-content\/uploads\/2015\/02\/La-com\u00e9die-Humaine1-300x231.jpg\" alt=\"La com\u00e9die Humaine\" width=\"300\" height=\"231\" srcset=\"http:\/\/www.cordales.be\/wp-content\/uploads\/2015\/02\/La-com\u00e9die-Humaine1-300x231.jpg 300w, http:\/\/www.cordales.be\/wp-content\/uploads\/2015\/02\/La-com\u00e9die-Humaine1.jpg 812w\" sizes=\"(max-width: 300px) 100vw, 300px\" \/><\/a><figcaption id=\"caption-attachment-31\" class=\"wp-caption-text\">La com\u00e9die Humaine<\/figcaption><\/figure>\n<p><em>Dans l&rsquo;ombre des rideaux pourpres , se m\u00ealent et se d\u00e9m\u00ealent les fils secrets de la com\u00e9die humaine<\/em><\/p>\n<p><em>Tous les regards ne sont pas tourn\u00e9s vers le m\u00eame spectacle! Pourquoi&#8230;?<\/em><br \/>\n<em>Que regarde-t-elle?<\/em><\/p>\n<p>Huile sur toile 50 x 40\u00a0cm \u00a0Prix : 400\u20ac<\/p>\n","protected":false},"excerpt":{"rendered":"<p>Dans l&rsquo;ombre des rideaux pourpres , se m\u00ealent et se d\u00e9m\u00ealent les fils secrets de la com\u00e9die humaine Tous les regards ne sont pas tourn\u00e9s vers le m\u00eame spectacle! Pourquoi&#8230;? Que regarde-t-elle? Huile sur toile 50 x 40\u00a0cm \u00a0Prix : 400\u20ac<\/p>\n","protected":false},"author":1,"featured_media":0,"parent":11,"menu_order":0,"comment_status":"open","ping_status":"open","template":"","meta":{"ngg_post_thumbnail":0,"footnotes":""},"yoast_head":"<!-- This site is optimized with the Yoast SEO plugin v21.7 - https:\/\/yoast.com\/wordpress\/plugins\/seo\/ -->\n<title>La com\u00e9die Humaine - Cordal\u00e8s<\/title>\n<meta name=\"robots\" content=\"index, follow, max-snippet:-1, max-image-preview:large, max-video-preview:-1\" \/>\n<link rel=\"canonical\" href=\"http:\/\/www.cordales.be\/index.php\/galerie\/la-comedie-humaine\/\" \/>\n<meta property=\"og:locale\" content=\"fr_FR\" \/>\n<meta property=\"og:type\" content=\"article\" \/>\n<meta property=\"og:title\" content=\"La com\u00e9die Humaine - Cordal\u00e8s\" \/>\n<meta property=\"og:description\" content=\"Dans l&rsquo;ombre des rideaux pourpres , se m\u00ealent et se d\u00e9m\u00ealent les fils secrets de la com\u00e9die humaine Tous les regards ne sont pas tourn\u00e9s vers le m\u00eame spectacle! Pourquoi&#8230;? Que regarde-t-elle? Huile sur toile 50 x 40\u00a0cm \u00a0Prix : 400\u20ac\" \/>\n<meta property=\"og:url\" content=\"http:\/\/www.cordales.be\/index.php\/galerie\/la-comedie-humaine\/\" \/>\n<meta property=\"og:site_name\" content=\"Cordal\u00e8s\" \/>\n<meta property=\"article:modified_time\" content=\"2016-12-17T15:06:13+00:00\" \/>\n<script type=\"application\/ld+json\" class=\"yoast-schema-graph\">{\"@context\":\"https:\/\/schema.org\",\"@graph\":[{\"@type\":\"WebPage\",\"@id\":\"http:\/\/www.cordales.be\/index.php\/galerie\/la-comedie-humaine\/\",\"url\":\"http:\/\/www.cordales.be\/index.php\/galerie\/la-comedie-humaine\/\",\"name\":\"La com\u00e9die Humaine - Cordal\u00e8s\",\"isPartOf\":{\"@id\":\"http:\/\/www.cordales.be\/#website\"},\"datePublished\":\"2015-02-09T15:10:57+00:00\",\"dateModified\":\"2016-12-17T15:06:13+00:00\",\"breadcrumb\":{\"@id\":\"http:\/\/www.cordales.be\/index.php\/galerie\/la-comedie-humaine\/#breadcrumb\"},\"inLanguage\":\"fr-FR\",\"potentialAction\":[{\"@type\":\"ReadAction\",\"target\":[\"http:\/\/www.cordales.be\/index.php\/galerie\/la-comedie-humaine\/\"]}]},{\"@type\":\"BreadcrumbList\",\"@id\":\"http:\/\/www.cordales.be\/index.php\/galerie\/la-comedie-humaine\/#breadcrumb\",\"itemListElement\":[{\"@type\":\"ListItem\",\"position\":1,\"name\":\"Accueil\",\"item\":\"http:\/\/www.cordales.be\/\"},{\"@type\":\"ListItem\",\"position\":2,\"name\":\"Galerie\",\"item\":\"http:\/\/www.cordales.be\/index.php\/galerie\/\"},{\"@type\":\"ListItem\",\"position\":3,\"name\":\"La com\u00e9die Humaine\"}]},{\"@type\":\"WebSite\",\"@id\":\"http:\/\/www.cordales.be\/#website\",\"url\":\"http:\/\/www.cordales.be\/\",\"name\":\"Cordal\u00e8s\",\"description\":\"Artiste peintre\",\"potentialAction\":[{\"@type\":\"SearchAction\",\"target\":{\"@type\":\"EntryPoint\",\"urlTemplate\":\"http:\/\/www.cordales.be\/?s={search_term_string}\"},\"query-input\":\"required name=search_term_string\"}],\"inLanguage\":\"fr-FR\"}]}<\/script>\n<!-- \/ Yoast SEO plugin. -->","yoast_head_json":{"title":"La com\u00e9die Humaine - Cordal\u00e8s","robots":{"index":"index","follow":"follow","max-snippet":"max-snippet:-1","max-image-preview":"max-image-preview:large","max-video-preview":"max-video-preview:-1"},"canonical":"http:\/\/www.cordales.be\/index.php\/galerie\/la-comedie-humaine\/","og_locale":"fr_FR","og_type":"article","og_title":"La com\u00e9die Humaine - Cordal\u00e8s","og_description":"Dans l&rsquo;ombre des rideaux pourpres , se m\u00ealent et se d\u00e9m\u00ealent les fils secrets de la com\u00e9die humaine Tous les regards ne sont pas tourn\u00e9s vers le m\u00eame spectacle! Pourquoi&#8230;? Que regarde-t-elle? Huile sur toile 50 x 40\u00a0cm \u00a0Prix : 400\u20ac","og_url":"http:\/\/www.cordales.be\/index.php\/galerie\/la-comedie-humaine\/","og_site_name":"Cordal\u00e8s","article_modified_time":"2016-12-17T15:06:13+00:00","schema":{"@context":"https:\/\/schema.org","@graph":[{"@type":"WebPage","@id":"http:\/\/www.cordales.be\/index.php\/galerie\/la-comedie-humaine\/","url":"http:\/\/www.cordales.be\/index.php\/galerie\/la-comedie-humaine\/","name":"La com\u00e9die Humaine - Cordal\u00e8s","isPartOf":{"@id":"http:\/\/www.cordales.be\/#website"},"datePublished":"2015-02-09T15:10:57+00:00","dateModified":"2016-12-17T15:06:13+00:00","breadcrumb":{"@id":"http:\/\/www.cordales.be\/index.php\/galerie\/la-comedie-humaine\/#breadcrumb"},"inLanguage":"fr-FR","potentialAction":[{"@type":"ReadAction","target":["http:\/\/www.cordales.be\/index.php\/galerie\/la-comedie-humaine\/"]}]},{"@type":"BreadcrumbList","@id":"http:\/\/www.cordales.be\/index.php\/galerie\/la-comedie-humaine\/#breadcrumb","itemListElement":[{"@type":"ListItem","position":1,"name":"Accueil","item":"http:\/\/www.cordales.be\/"},{"@type":"ListItem","position":2,"name":"Galerie","item":"http:\/\/www.cordales.be\/index.php\/galerie\/"},{"@type":"ListItem","position":3,"name":"La com\u00e9die Humaine"}]},{"@type":"WebSite","@id":"http:\/\/www.cordales.be\/#website","url":"http:\/\/www.cordales.be\/","name":"Cordal\u00e8s","description":"Artiste peintre","potentialAction":[{"@type":"SearchAction","target":{"@type":"EntryPoint","urlTemplate":"http:\/\/www.cordales.be\/?s={search_term_string}"},"query-input":"required name=search_term_string"}],"inLanguage":"fr-FR"}]}},"_links":{"self":[{"href":"http:\/\/www.cordales.be\/index.php\/wp-json\/wp\/v2\/pages\/17"}],"collection":[{"href":"http:\/\/www.cordales.be\/index.php\/wp-json\/wp\/v2\/pages"}],"about":[{"href":"http:\/\/www.cordales.be\/index.php\/wp-json\/wp\/v2\/types\/page"}],"author":[{"embeddable":true,"href":"http:\/\/www.cordales.be\/index.php\/wp-json\/wp\/v2\/users\/1"}],"replies":[{"embeddable":true,"href":"http:\/\/www.cordales.be\/index.php\/wp-json\/wp\/v2\/comments?post=17"}],"version-history":[{"count":11,"href":"http:\/\/www.cordales.be\/index.php\/wp-json\/wp\/v2\/pages\/17\/revisions"}],"predecessor-version":[{"id":804,"href":"http:\/\/www.cordales.be\/index.php\/wp-json\/wp\/v2\/pages\/17\/revisions\/804"}],"up":[{"embeddable":true,"href":"http:\/\/www.cordales.be\/index.php\/wp-json\/wp\/v2\/pages\/11"}],"wp:attachment":[{"href":"http:\/\/www.cordales.be\/index.php\/wp-json\/wp\/v2\/media?parent=17"}],"curies":[{"name":"wp","href":"https:\/\/api.w.org\/{rel}","templated":true}]}}

La comédie Humaine

<figure id="attachment_31" aria-describedby="caption-attachment-31" style="width: 300px" class="wp-caption alignnone"><a href="http://www.cordales.be/wp-content/uploads/2015/02/La-comédie-Humaine1.jpg"><img loading="lazy" decoding="async" class="size-medium wp-image-31" src="http://www.cordales.be/wp-content/uploads/2015/02/La-comédie-Humaine1-300x231.jpg" alt="La comédie Humaine" width="300" height="231" srcset="http://www.cordales.be/wp-content/uploads/2015/02/La-comédie-Humaine1-300x231.jpg 300w, http://www.cordales.be/wp-content/uploads/2015/02/La-comédie-Humaine1.jpg 812w" sizes="(max-width: 300px) 100vw, 300px" /></a><figcaption id="caption-attachment-31" class="wp-caption-text">La comédie Humaine</figcaption></figure>
<p><em>Dans l&rsquo;ombre des rideaux pourpres , se mêlent et se démêlent les fils secrets de la comédie humaine</em></p>
<p><em>Tous les regards ne sont pas tournés vers le même spectacle! Pourquoi&#8230;?</em><br />
<em>Que regarde-t-elle?</em></p>
<p>Huile sur toile 50 x 40 cm  Prix : 400€</p>

<p>Dans l&rsquo;ombre des rideaux pourpres , se mêlent et se démêlent les fils secrets de la comédie humaine Tous les regards ne sont pas tournés vers le même spectacle! Pourquoi&#8230;? Que regarde-t-elle? Huile sur toile 50 x 40 cm  Prix : 400€</p>

<!-- This site is optimized with the Yoast SEO plugin v21.7 - https://yoast.com/wordpress/plugins/seo/ -->
<title>La comédie Humaine - Cordalès</title>
<meta name="robots" content="index, follow, max-snippet:-1, max-image-preview:large, max-video-preview:-1" />
<link rel="canonical" href="http://www.cordales.be/index.php/galerie/la-comedie-humaine/" />
<meta property="og:locale" content="fr_FR" />
<meta property="og:type" content="article" />
<meta property="og:title" content="La comédie Humaine - Cordalès" />
<meta property="og:description" content="Dans l&rsquo;ombre des rideaux pourpres , se mêlent et se démêlent les fils secrets de la comédie humaine Tous les regards ne sont pas tournés vers le même spectacle! Pourquoi&#8230;? Que regarde-t-elle? Huile sur toile 50 x 40 cm  Prix : 400€" />
<meta property="og:url" content="http://www.cordales.be/index.php/galerie/la-comedie-humaine/" />
<meta property="og:site_name" content="Cordalès" />
<meta property="article:modified_time" content="2016-12-17T15:06:13+00:00" />
<script type="application/ld+json" class="yoast-schema-graph">{"@context":"https://schema.org","@graph":[{"@type":"WebPage","@id":"http://www.cordales.be/index.php/galerie/la-comedie-humaine/","url":"http://www.cordales.be/index.php/galerie/la-comedie-humaine/","name":"La comédie Humaine - Cordalès","isPartOf":{"@id":"http://www.cordales.be/#website"},"datePublished":"2015-02-09T15:10:57+00:00","dateModified":"2016-12-17T15:06:13+00:00","breadcrumb":{"@id":"http://www.cordales.be/index.php/galerie/la-comedie-humaine/#breadcrumb"},"inLanguage":"fr-FR","potentialAction":[{"@type":"ReadAction","target":["http://www.cordales.be/index.php/galerie/la-comedie-humaine/"]}]},{"@type":"BreadcrumbList","@id":"http://www.cordales.be/index.php/galerie/la-comedie-humaine/#breadcrumb","itemListElement":[{"@type":"ListItem","position":1,"name":"Accueil","item":"http://www.cordales.be/"},{"@type":"ListItem","position":2,"name":"Galerie","item":"http://www.cordales.be/index.php/galerie/"},{"@type":"ListItem","position":3,"name":"La comédie Humaine"}]},{"@type":"WebSite","@id":"http://www.cordales.be/#website","url":"http://www.cordales.be/","name":"Cordalès","description":"Artiste peintre","potentialAction":[{"@type":"SearchAction","target":{"@type":"EntryPoint","urlTemplate":"http://www.cordales.be/?s={search_term_string}"},"query-input":"required name=search_term_string"}],"inLanguage":"fr-FR"}]}</script>
<!-- / Yoast SEO plugin. -->

La comédie Humaine - Cordalès

Dans l&rsquo;ombre des rideaux pourpres , se mêlent et se démêlent les fils secrets de la comédie humaine Tous les regards ne sont pas tournés vers le même spectacle! Pourquoi&#8230;? Que regarde-t-elle? Huile sur toile 50 x 40 cm  Prix : 400€

Cordalès
